{"id":13396,"date":"2020-01-13T08:59:10","date_gmt":"2020-01-13T07:59:10","guid":{"rendered":"http:\/\/www.langages.ch\/blog\/?page_id=13396"},"modified":"2023-11-17T05:55:13","modified_gmt":"2023-11-17T04:55:13","slug":"index-carillon-de-chantemerle-concerts","status":"publish","type":"page","link":"https:\/\/www.carillons.ch\/blog\/index-carillon-de-chantemerle-concerts\/","title":{"rendered":"Index Carillon de Chantemerle, concerts"},"content":{"rendered":"\n<p>Toutes les informations concernant le Carillon de Chantemerle \u00e0 Pully, l\u2019association, l\u2019\u00e9glise de la Rosiaz, les concerts !<\/p>\n\n\n\n<p>Le&nbsp;<strong>Carillon de Chantemerle<\/strong>&nbsp;\u00e0 Pully est visitable sur&nbsp;<em><a href=\"http:\/\/www.langages.ch\/blog\/contact\/\">demande<\/a><\/em>&nbsp;pour des groupes ou apr\u00e8s les&nbsp;<em><a href=\"http:\/\/www.langages.ch\/blog\/events\/categorie\/agenda\/association\/carillon-de-chantemerle\/\">concerts<\/a><\/em>. <\/p>\n\n\n\n<p>L&rsquo;\u00e9glise est ouverte aux visiteurs chaque jour de 9h \u00e0 18h, en dehors des cultes ou concerts.<\/p>\n\n\n<div id=\"pl-gb13396-69faca0796ce4\"  class=\"panel-layout\" ><div id=\"pg-gb13396-69faca0796ce4-0\"  class=\"panel-grid panel-no-style\" ><div id=\"pgc-gb13396-69faca0796ce4-0-0\"  class=\"panel-grid-cell\" ><div id=\"panel-gb13396-69faca0796ce4-0-0-0\" class=\"so-panel widget widget_nav_menu panel-first-child panel-last-child\" data-index=\"0\" ><div class=\"menu-aacc2-carillon-de-chantemerle-container\"><ul id=\"menu-aacc2-carillon-de-chantemerle\" class=\"menu\"><li id=\"menu-item-13366\" class=\"menu-item menu-item-type-taxonomy menu-item-object-tribe_events_cat menu-item-13366\"><a href=\"https:\/\/www.carillons.ch\/blog\/events\/categorie\/agenda\/association\/carillon-de-chantemerle\/\" title=\"Concerts et autres manifestations du Carillon de Chantemerle\">AGENDA &#8230; Concerts du Carillon de Chantemerle<\/a><\/li>\n<li id=\"menu-item-13403\" class=\"menu-item menu-item-type-post_type menu-item-object-page menu-item-13403\"><a href=\"https:\/\/www.carillons.ch\/blog\/index-carillon-de-chantemerle-ses-48-cloches\/\" title=\"Index Carillon de Chantemerle, ses 48 cloches\">LE CARILLON &#8230; avec ses 48 cloches<\/a><\/li>\n<li id=\"menu-item-13343\" class=\"menu-item menu-item-type-post_type menu-item-object-post menu-item-13343\"><a href=\"https:\/\/www.carillons.ch\/blog\/carillon-de-chantemerle-cartes-et-horaires\/\" title=\"Carillon de Chantemerle \/ Cartes et horaires\">ACC\u00c8S &#8230; Carte et bus<\/a><\/li>\n<li id=\"menu-item-13369\" class=\"menu-item menu-item-type-post_type menu-item-object-post menu-item-13369\"><a href=\"https:\/\/www.carillons.ch\/blog\/visite-guidee-du-carillon-de-chantemerle\/\">VISITE &#8230; Visite guid\u00e9e du carillon de Chantemerle<\/a><\/li>\n<li id=\"menu-item-13365\" class=\"menu-item menu-item-type-post_type menu-item-object-post menu-item-13365\"><a href=\"https:\/\/www.carillons.ch\/blog\/lassociation-des-amis-du-carillon-de-chantemerle-2\/\" title=\"Adh\u00e9sion \u00e0 l&rsquo;association des Amis du Carillon de Chantemerle\">ASSOCIATION &#8230; Adh\u00e9rez, devenez membre<\/a><\/li>\n<li id=\"menu-item-13371\" class=\"menu-item menu-item-type-post_type menu-item-object-post menu-item-13371\"><a href=\"https:\/\/www.carillons.ch\/blog\/lettre-de-nouvelles-du-carillon-de-chantemerle\/\" title=\"Lettre de nouvelles du Carillon de Chantemerle\">LETTRE DE NOUVELLES &#8230; inscrivez-vous pour recevoir les informations<\/a><\/li>\n<li id=\"menu-item-13368\" class=\"menu-item menu-item-type-post_type menu-item-object-post menu-item-13368\"><a href=\"https:\/\/www.carillons.ch\/blog\/page-facebook-carillon-de-chantemerle\/\" title=\"Page Facebook du Carillon de Chantemerle\">FACEBOOK &#8230; Abonnez-vous \u00e0 la page pour suivre les nouvelles!<\/a><\/li>\n<li id=\"menu-item-13367\" class=\"menu-item menu-item-type-post_type menu-item-object-post menu-item-13367\"><a href=\"https:\/\/www.carillons.ch\/blog\/page-instagram-du-carillon-de-chantemerle\/\" title=\"Page Instagram du Carillon de Chantemerle\">INSTAGRAM<\/a><\/li>\n<li id=\"menu-item-13370\" class=\"menu-item menu-item-type-post_type menu-item-object-post menu-item-13370\"><a href=\"https:\/\/www.carillons.ch\/blog\/page-twitter-carillon-de-chantemerle\/\" title=\"Page Twitter du Carillon de Chantemerle\">TWITTER<\/a><\/li>\n<li id=\"menu-item-13466\" class=\"menu-item menu-item-type-post_type menu-item-object-post menu-item-13466\"><a href=\"https:\/\/www.carillons.ch\/blog\/daniel-thomas-carillonneur\/\" title=\"Daniel Thomas, carillonneur du Carillon de Chantemerle\">CARILLONNEUR &#8230; Daniel Thomas<\/a><\/li>\n<li id=\"menu-item-13345\" class=\"menu-item menu-item-type-post_type menu-item-object-post menu-item-13345\"><a href=\"https:\/\/www.carillons.ch\/blog\/eglise-de-pully-la-rosiaz\/\">\u00c9GLISE &#8230; l&rsquo;\u00e9glise de Pully-la-Rosiaz<\/a><\/li>\n<li id=\"menu-item-13344\" class=\"menu-item menu-item-type-post_type menu-item-object-post menu-item-13344\"><a href=\"https:\/\/www.carillons.ch\/blog\/les-orgues-de-leglise-de-la-rosiaz\/\" title=\"Les orgues de l&rsquo;\u00e9glise de la Rosiaz\">ORGUES &#8230; orgues de l&rsquo;\u00e9glise de la Rosiaz<\/a><\/li>\n<\/ul><\/div><\/div><\/div><\/div><\/div>\n\n\n<p><strong>Au milieu de la magnifique esplanade de Chantemerle \u00e0 Pully, venez d\u00e9couvrir le charme de du carillon de 48 cloches de l\u2019\u00e9glise de la Rosiaz, l\u2019un des plus grands carillons suisses, qui vous propose des concerts, des balades \u00e0 th\u00e8mes et des visites guid\u00e9es pour vous enchanter.<\/strong><\/p>\n\n\n\n<p>Inaugur\u00e9 le 1er novembre 1953, ce carillon porte le nom du quartier au centre duquel s\u2019\u00e9l\u00e8ve le clocher de l\u2019\u00e9glise de Pully Rosiaz, dominant la magnifique \u00abesplanade de Chantemerle\u00bb inaugur\u00e9e en juin 1957. C\u2019est l\u2019un des rares carillons de type flamand (Hollande, Belgique, Nord de la France) existant en Suisse. Les cloches sont reli\u00e9es par transmission m\u00e9canique au poste de commande (clavier manuel et p\u00e9dalier) install\u00e9 dans la cabine.&nbsp;<\/p>\n\n\n\n<p>En 1953, Marc Vernet, le pasteur de l\u2019\u00e9glise de la Rosiaz \u00e0 Pully, qui avait \u00e9t\u00e9 pasteur en Belgique auparavant, ce que lui a permis de rencontrer des\u00a0carillonneurs et d\u2019essayer certains de leurs instruments, introduit en v\u00e9ritable pionnier le carillon \u00e0 b\u00e2tons de type flamand en Suisse. C\u2019est le carillon de Chantemerle, dot\u00e9 de 19 cloches alors.\u00a0<\/p>\n\n\n\n<p>Lorsqu\u2019au d\u00e9but des ann\u00e9es 50, on entreprit d\u2019\u00e9difier un temple \u00e0 Pully Nord, le pasteur Marc Vernet partit de l\u2019id\u00e9e qu\u2019il convenait de profiter de la construction de cette \u00e9glise pour faire preuve d\u2019originalit\u00e9. Pourquoi ne pas enrichir le nouveau clocher d\u2019un ensemble de sonneries qui permettront d\u2019\u00e9grener de belles m\u00e9lodies au-dessus de nos divers quartiers? Le Valais a depuis pas mal de temps ses typiques carillonneurs Dans un canton voisin Saint-Pierre \u00e0 Gen\u00e8ve, Sainte-Croix \u00e0 Carouge cultivent \u00e9galement l\u2019art campanaire. Pully se devait d\u2019inaugurer un premier carillon vaudois.<\/p>\n\n\n\n<p>L\u2019\u00e9glise de Pully-La-Rosiaz a \u00e9t\u00e9 inaugur\u00e9e le 26 avril 1953.<\/p>\n\n\n\n<p>Elle a \u00e9t\u00e9 construite avec une large tour, un beau clocher, un grand beffroi en pr\u00e9voyant l\u2019installation d\u2019un carillon.<\/p>\n\n\n\n<p>L\u2019emplacement de l\u2019\u00e9glise construite par l\u2019architecte lausannois Paul Lavenex est d\u2019une beaut\u00e9 exceptionnelle. Elle jouit d\u2019un tr\u00e8s belle situation, dominant l\u2019esplanade de Chantemerle, avec son jardin, un balcon ouvert panorama du la L\u00e9man et des Alpes de Savoie.<\/p>\n\n\n\n<p>En 2014, 24 nouvelles cloches ont \u00e9t\u00e9 moul\u00e9es et fondues \u00e0 la fonderie Simon Laudy de Beerta aux Pays- Bas (Klokken- en Kunstgieterij Reiderland) pour compl\u00e9ter le carillon de Chantemerle de Pully, sous l\u2019impulsion de son carillonneur Daniel Thomas.&nbsp;<\/p>\n\n\n\n<p>On a donc \u00e0 Pully un deuxi\u00e8me grand carillon de quatre octaves en Suisse permettant l\u2019interpr\u00e9tation des grandes pi\u00e8ces du r\u00e9pertoire et aussi de musiques pour deux carillonneurs, \u00e0 quatre mains et quatre pieds. Le dessin des profils des nouvelles cloches et leur accordage a \u00e9t\u00e9 assur\u00e9 par le carillonneur d\u2019Amsterdam Gideon Bodden, qui est aussi technicien campanologue.&nbsp;<\/p>\n\n\n\n<p>Carillon de 48 cloches avec clavier et p\u00e9dalier m\u00e9canique \u00e0 b\u00e2tons, \u00e9glise de La Rosiaz. Ouvert sur demande pour groupes, visites et concerts.<\/p>\n\n\n\n<p>48 cloches (la3, si3 \u2013 la7) (notes r\u00e9elles).<\/p>\n\n\n\n<p>Une association des Amis du Carillon de Chantemerle anime le carillon et organise des concerts et autres activit\u00e9s culturelles depuis l\u2019an 2000.<\/p>\n\n\n\n<p>Le carillonneur joue du haut des tours et porte au loin. Sa musique vient d\u2019en haut, il fait chanter le ciel, \u00e0 voix ouverte dans le paysage. Le promeneur tourne son regard aux accents lointains des cloches ; il aper\u00e7oit le clocher et entend entre les feuillages les m\u00e9lodies chantantes des cloches du carillon. La musique de carillon est une voix qui suit le vent, port\u00e9e par les brises, et qui fusionne avec le ciel et les nuages. On sent comme parler et chanter l\u2019invisible, le c\u00e9leste dans la transparence bleut\u00e9e de l\u2019air sonore.&nbsp;<\/p>\n\n\n\n<p>Nouvelles du Carillon de Chantemerle :<\/p>\n\n\n\n<figure><iframe loading=\"lazy\" style=\"border: none; overflow: hidden;\" src=\"https:\/\/www.facebook.com\/plugins\/page.php?href=https%3A%2F%2Fwww.facebook.com%2Fcarillondechantemerle%2F&amp;tabs=timeline&amp;width=600&amp;height=1400&amp;small_header=false&amp;adapt_container_width=true&amp;hide_cover=false&amp;show_facepile=false&amp;appId=341524735956895\" width=\"600\" height=\"1400\" frameborder=\"0\" scrolling=\"no\"><\/iframe><\/figure>\n\n\n\n<p>Soutenez notre association en faisant un don avec Twint ou avec notre Iban : Ass. des Amis du Carillon de Chantemerle<br>Chemin de Beaumont 8,&nbsp;1053 Cugy .     IBAN      CH58 8080 8006 0546 4409 7<\/p>\n\n\n\n<figure class=\"wp-block-image size-full\"><a href=\"https:\/\/www.carillons.ch\/blog\/wp-content\/uploads\/TWINT_Montant-personalise_FR-AACC-copie2.png\"><img loading=\"lazy\" decoding=\"async\" width=\"1087\" height=\"626\" src=\"https:\/\/www.carillons.ch\/blog\/wp-content\/uploads\/TWINT_Montant-personalise_FR-AACC-copie2.png\" alt=\"\" class=\"wp-image-15121\" srcset=\"https:\/\/www.carillons.ch\/blog\/wp-content\/uploads\/TWINT_Montant-personalise_FR-AACC-copie2.png 1087w, https:\/\/www.carillons.ch\/blog\/wp-content\/uploads\/TWINT_Montant-personalise_FR-AACC-copie2-300x173.png 300w, https:\/\/www.carillons.ch\/blog\/wp-content\/uploads\/TWINT_Montant-personalise_FR-AACC-copie2-1024x590.png 1024w, https:\/\/www.carillons.ch\/blog\/wp-content\/uploads\/TWINT_Montant-personalise_FR-AACC-copie2-150x86.png 150w, https:\/\/www.carillons.ch\/blog\/wp-content\/uploads\/TWINT_Montant-personalise_FR-AACC-copie2-768x442.png 768w, https:\/\/www.carillons.ch\/blog\/wp-content\/uploads\/TWINT_Montant-personalise_FR-AACC-copie2-665x383.png 665w\" sizes=\"auto, (max-width: 1087px) 100vw, 1087px\" \/><\/a><\/figure>\n\n\n\n<p><\/p>\n","protected":false},"excerpt":{"rendered":"<p>Toutes les informations concernant le Carillon de Chantemerle \u00e0 Pully, l\u2019association, l\u2019\u00e9glise de la Rosiaz, les concerts.<\/p>\n","protected":false},"author":1,"featured_media":13363,"parent":0,"menu_order":0,"comment_status":"closed","ping_status":"closed","template":"","meta":{"sfsi_plus_gutenberg_text_before_share":"","sfsi_plus_gutenberg_show_text_before_share":"","sfsi_plus_gutenberg_icon_type":"","sfsi_plus_gutenberg_icon_alignemt":"","sfsi_plus_gutenburg_max_per_row":"","_EventAllDay":false,"_EventTimezone":"","_EventStartDate":"","_EventEndDate":"","_EventStartDateUTC":"","_EventEndDateUTC":"","_EventShowMap":false,"_EventShowMapLink":false,"_EventURL":"","_EventCost":"","_EventCostDescription":"","_EventCurrencySymbol":"","_EventCurrencyCode":"","_EventCurrencyPosition":"","_EventDateTimeSeparator":"","_EventTimeRangeSeparator":"","_EventOrganizerID":[],"_EventVenueID":[],"_OrganizerEmail":"","_OrganizerPhone":"","_OrganizerWebsite":"","_VenueAddress":"","_VenueCity":"","_VenueCountry":"","_VenueProvince":"","_VenueState":"","_VenueZip":"","_VenuePhone":"","_VenueURL":"","_VenueStateProvince":"","_VenueLat":"","_VenueLng":"","_VenueShowMap":false,"_VenueShowMapLink":false,"footnotes":""},"class_list":["post-13396","page","type-page","status-publish","has-post-thumbnail","hentry"],"_links":{"self":[{"href":"https:\/\/www.carillons.ch\/blog\/wp-json\/wp\/v2\/pages\/13396","targetHints":{"allow":["GET"]}}],"collection":[{"href":"https:\/\/www.carillons.ch\/blog\/wp-json\/wp\/v2\/pages"}],"about":[{"href":"https:\/\/www.carillons.ch\/blog\/wp-json\/wp\/v2\/types\/page"}],"author":[{"embeddable":true,"href":"https:\/\/www.carillons.ch\/blog\/wp-json\/wp\/v2\/users\/1"}],"replies":[{"embeddable":true,"href":"https:\/\/www.carillons.ch\/blog\/wp-json\/wp\/v2\/comments?post=13396"}],"version-history":[{"count":13,"href":"https:\/\/www.carillons.ch\/blog\/wp-json\/wp\/v2\/pages\/13396\/revisions"}],"predecessor-version":[{"id":17162,"href":"https:\/\/www.carillons.ch\/blog\/wp-json\/wp\/v2\/pages\/13396\/revisions\/17162"}],"wp:featuredmedia":[{"embeddable":true,"href":"https:\/\/www.carillons.ch\/blog\/wp-json\/wp\/v2\/media\/13363"}],"wp:attachment":[{"href":"https:\/\/www.carillons.ch\/blog\/wp-json\/wp\/v2\/media?parent=13396"}],"curies":[{"name":"wp","href":"https:\/\/api.w.org\/{rel}","templated":true}]}}