{"id":13460,"date":"2020-01-14T05:21:21","date_gmt":"2020-01-14T04:21:21","guid":{"rendered":"http:\/\/www.langages.ch\/blog\/?page_id=13460"},"modified":"2020-02-16T19:05:06","modified_gmt":"2020-02-16T18:05:06","slug":"index-lassociation-pour-les-interets-et-le-developpement-de-pully-nord","status":"publish","type":"page","link":"https:\/\/www.carillons.ch\/blog\/index-lassociation-pour-les-interets-et-le-developpement-de-pully-nord\/","title":{"rendered":"Index L\u2019Association pour les int\u00e9r\u00eats et le d\u00e9veloppement de Pully-Nord"},"content":{"rendered":"\n<p>Le Carillon de Chantemerle et son carillonneur, Daniel Thomas, animent les activit\u00e9s de l\u2019Association pour les int\u00e9r\u00eats et le d\u00e9veloppement de Pully-Nord.<\/p>\n\n\n<div id=\"pl-gb13460-69f293f116a43\"  class=\"panel-layout\" ><div id=\"pg-gb13460-69f293f116a43-0\"  class=\"panel-grid panel-no-style\" ><div id=\"pgc-gb13460-69f293f116a43-0-0\"  class=\"panel-grid-cell\" ><div id=\"panel-gb13460-69f293f116a43-0-0-0\" class=\"so-panel widget widget_nav_menu panel-first-child panel-last-child\" data-index=\"0\" ><h3 class=\"widget-title\">Index L\u2019Association pour les int\u00e9r\u00eats et le d\u00e9veloppement de Pully-Nord<\/h3><div class=\"menu-aipn-association-pully-nord-container\"><ul id=\"menu-aipn-association-pully-nord\" class=\"menu\"><li id=\"menu-item-13453\" class=\"menu-item menu-item-type-taxonomy menu-item-object-tribe_events_cat menu-item-13453\"><a href=\"https:\/\/www.carillons.ch\/blog\/events\/categorie\/agenda\/association\/association-des-interets-de-pully-nord\/\" title=\"Agenda, Association de Pully-Nord\">AGENDA &#8230; activit\u00e9s \u00e0 venir<\/a><\/li>\n<li id=\"menu-item-13457\" class=\"menu-item menu-item-type-post_type menu-item-object-post menu-item-13457\"><a href=\"https:\/\/www.carillons.ch\/blog\/lassociation-pour-les-interets-et-le-developpement-de-pully-nord\/\" title=\"PR\u00c9SENTATION &#8230; L\u2019Association pour les int\u00e9r\u00eats de Pully-Nord\">PR\u00c9SENTATION &#8230; L\u2019Association de Pully-Nord<\/a><\/li>\n<li id=\"menu-item-13458\" class=\"menu-item menu-item-type-taxonomy menu-item-object-category menu-item-13458\"><a href=\"https:\/\/www.carillons.ch\/blog\/sujet\/associations\/association-des-interets-de-pully-nord\/\" title=\"Articles Association des int\u00e9r\u00eats de Pully-Nord\">ARTICLES &#8230; Association des int\u00e9r\u00eats de Pully-Nord<\/a><\/li>\n<li id=\"menu-item-13454\" class=\"menu-item menu-item-type-post_type menu-item-object-post menu-item-13454\"><a href=\"https:\/\/www.carillons.ch\/blog\/cloche-pour-le-carillon-de-chantemerle\/\" title=\"Une cloche pour le carillon de Chantemerle : action d\u00e9cisive en faveur du carillon\">DON D&rsquo;UNE CLOCHE &#8230; pour le carillon de Chantemerle<\/a><\/li>\n<li id=\"menu-item-13455\" class=\"menu-item menu-item-type-post_type menu-item-object-post menu-item-13455\"><a href=\"https:\/\/www.carillons.ch\/blog\/daniel-thomas-carillonneur\/\" title=\"Daniel Thomas, carillonneur et membre du comit\u00e9 de l&rsquo;AIPN\">CARILLONNEUR &#8230; Daniel Thomas<\/a><\/li>\n<li id=\"menu-item-13456\" class=\"menu-item menu-item-type-post_type menu-item-object-page menu-item-13456\"><a href=\"https:\/\/www.carillons.ch\/blog\/index-carillon-de-chantemerle-concerts\/\" title=\"Index Carillon de Chantemerle, concerts\">CONCERTS &#8230; du Carillon de Chantemerle<\/a><\/li>\n<\/ul><\/div><\/div><\/div><\/div><\/div>\n\n\n<p>Nouvelles de l&rsquo;Association : <a href=\"https:\/\/www.facebook.com\/AssociationPullyNord\" target=\"_blank\" rel=\"noreferrer noopener\" aria-label=\"https:\/\/www.facebook.com\/AssociationPullyNord (s\u2019ouvre dans un nouvel onglet)\">https:\/\/www.facebook.com\/AssociationPullyNord<\/a><\/p>\n\n\n\n<div class=\"powr-facebook-feed\" id=\"f29a3864_1581875997\"><\/div><script src=\"https:\/\/www.powr.io\/powr.js?platform=wordpress\"><\/script>\n","protected":false},"excerpt":{"rendered":"<p>Le Carillon de Chantemerle et son carillonneur, Daniel Thomas, animent les activit\u00e9s de l\u2019Association pour les int\u00e9r\u00eats et le d\u00e9veloppement de Pully-Nord.<\/p>\n","protected":false},"author":1,"featured_media":13461,"parent":0,"menu_order":0,"comment_status":"closed","ping_status":"closed","template":"","meta":{"sfsi_plus_gutenberg_text_before_share":"","sfsi_plus_gutenberg_show_text_before_share":"","sfsi_plus_gutenberg_icon_type":"","sfsi_plus_gutenberg_icon_alignemt":"","sfsi_plus_gutenburg_max_per_row":"","_EventAllDay":false,"_EventTimezone":"","_EventStartDate":"","_EventEndDate":"","_EventStartDateUTC":"","_EventEndDateUTC":"","_EventShowMap":false,"_EventShowMapLink":false,"_EventURL":"","_EventCost":"","_EventCostDescription":"","_EventCurrencySymbol":"","_EventCurrencyCode":"","_EventCurrencyPosition":"","_EventDateTimeSeparator":"","_EventTimeRangeSeparator":"","_EventOrganizerID":[],"_EventVenueID":[],"_OrganizerEmail":"","_OrganizerPhone":"","_OrganizerWebsite":"","_VenueAddress":"","_VenueCity":"","_VenueCountry":"","_VenueProvince":"","_VenueState":"","_VenueZip":"","_VenuePhone":"","_VenueURL":"","_VenueStateProvince":"","_VenueLat":"","_VenueLng":"","_VenueShowMap":false,"_VenueShowMapLink":false,"footnotes":""},"class_list":["post-13460","page","type-page","status-publish","has-post-thumbnail","hentry"],"_links":{"self":[{"href":"https:\/\/www.carillons.ch\/blog\/wp-json\/wp\/v2\/pages\/13460","targetHints":{"allow":["GET"]}}],"collection":[{"href":"https:\/\/www.carillons.ch\/blog\/wp-json\/wp\/v2\/pages"}],"about":[{"href":"https:\/\/www.carillons.ch\/blog\/wp-json\/wp\/v2\/types\/page"}],"author":[{"embeddable":true,"href":"https:\/\/www.carillons.ch\/blog\/wp-json\/wp\/v2\/users\/1"}],"replies":[{"embeddable":true,"href":"https:\/\/www.carillons.ch\/blog\/wp-json\/wp\/v2\/comments?post=13460"}],"version-history":[{"count":6,"href":"https:\/\/www.carillons.ch\/blog\/wp-json\/wp\/v2\/pages\/13460\/revisions"}],"predecessor-version":[{"id":14207,"href":"https:\/\/www.carillons.ch\/blog\/wp-json\/wp\/v2\/pages\/13460\/revisions\/14207"}],"wp:featuredmedia":[{"embeddable":true,"href":"https:\/\/www.carillons.ch\/blog\/wp-json\/wp\/v2\/media\/13461"}],"wp:attachment":[{"href":"https:\/\/www.carillons.ch\/blog\/wp-json\/wp\/v2\/media?parent=13460"}],"curies":[{"name":"wp","href":"https:\/\/api.w.org\/{rel}","templated":true}]}}

Index L’Association pour les intérêts et le développement de Pully-Nord

<p>Le Carillon de Chantemerle et son carillonneur, Daniel Thomas, animent les activités de l’Association pour les intérêts et le développement de Pully-Nord.</p>


<div id="pl-gb13460-69f293f116a43"  class="panel-layout" ><div id="pg-gb13460-69f293f116a43-0"  class="panel-grid panel-no-style" ><div id="pgc-gb13460-69f293f116a43-0-0"  class="panel-grid-cell" ><div id="panel-gb13460-69f293f116a43-0-0-0" class="so-panel widget widget_nav_menu panel-first-child panel-last-child" data-index="0" ><h3 class="widget-title">Index L’Association pour les intérêts et le développement de Pully-Nord</h3><div class="menu-aipn-association-pully-nord-container"><ul id="menu-aipn-association-pully-nord" class="menu"><li id="menu-item-13453" class="menu-item menu-item-type-taxonomy menu-item-object-tribe_events_cat menu-item-13453"><a href="https://www.carillons.ch/blog/events/categorie/agenda/association/association-des-interets-de-pully-nord/" title="Agenda, Association de Pully-Nord">AGENDA &#8230; activités à venir</a></li>
<li id="menu-item-13457" class="menu-item menu-item-type-post_type menu-item-object-post menu-item-13457"><a href="https://www.carillons.ch/blog/lassociation-pour-les-interets-et-le-developpement-de-pully-nord/" title="PRÉSENTATION &#8230; L’Association pour les intérêts de Pully-Nord">PRÉSENTATION &#8230; L’Association de Pully-Nord</a></li>
<li id="menu-item-13458" class="menu-item menu-item-type-taxonomy menu-item-object-category menu-item-13458"><a href="https://www.carillons.ch/blog/sujet/associations/association-des-interets-de-pully-nord/" title="Articles Association des intérêts de Pully-Nord">ARTICLES &#8230; Association des intérêts de Pully-Nord</a></li>
<li id="menu-item-13454" class="menu-item menu-item-type-post_type menu-item-object-post menu-item-13454"><a href="https://www.carillons.ch/blog/cloche-pour-le-carillon-de-chantemerle/" title="Une cloche pour le carillon de Chantemerle : action décisive en faveur du carillon">DON D&rsquo;UNE CLOCHE &#8230; pour le carillon de Chantemerle</a></li>
<li id="menu-item-13455" class="menu-item menu-item-type-post_type menu-item-object-post menu-item-13455"><a href="https://www.carillons.ch/blog/daniel-thomas-carillonneur/" title="Daniel Thomas, carillonneur et membre du comité de l&rsquo;AIPN">CARILLONNEUR &#8230; Daniel Thomas</a></li>
<li id="menu-item-13456" class="menu-item menu-item-type-post_type menu-item-object-page menu-item-13456"><a href="https://www.carillons.ch/blog/index-carillon-de-chantemerle-concerts/" title="Index Carillon de Chantemerle, concerts">CONCERTS &#8230; du Carillon de Chantemerle</a></li>
</ul></div></div></div></div></div>


<p>Nouvelles de l&rsquo;Association : <a href="https://www.facebook.com/AssociationPullyNord" target="_blank" rel="noreferrer noopener" aria-label="https://www.facebook.com/AssociationPullyNord (s’ouvre dans un nouvel onglet)">https://www.facebook.com/AssociationPullyNord</a></p>



<div class="powr-facebook-feed" id="f29a3864_1581875997"></div><script src="https://www.powr.io/powr.js?platform=wordpress"></script>

<p>Le Carillon de Chantemerle et son carillonneur, Daniel Thomas, animent les activités de l’Association pour les intérêts et le développement de Pully-Nord.</p>
