{"id":13500,"date":"2020-01-15T05:20:14","date_gmt":"2020-01-15T04:20:14","guid":{"rendered":"http:\/\/www.langages.ch\/blog\/?page_id=13500"},"modified":"2021-09-21T05:46:31","modified_gmt":"2021-09-21T03:46:31","slug":"index-parc-naturel-du-jorat","status":"publish","type":"page","link":"https:\/\/www.carillons.ch\/blog\/index-parc-naturel-du-jorat\/","title":{"rendered":"Index Parc Naturel du Jorat"},"content":{"rendered":"\n<p>L\u2019Abbaye de Montheron est tout naturellement un des p\u00f4les culturels et historiques du Parc Naturel P\u00e9riurbain du Jorat. Elle collabore \u00e0 plusieurs manifestations et activit\u00e9s, balades, visites, conf\u00e9rences, f\u00eates.<\/p>\n\n\n<div id=\"pl-gb13500-69dd154edb70a\"  class=\"panel-layout\" ><div id=\"pg-gb13500-69dd154edb70a-0\"  class=\"panel-grid panel-no-style\" ><div id=\"pgc-gb13500-69dd154edb70a-0-0\"  class=\"panel-grid-cell\" ><div id=\"panel-gb13500-69dd154edb70a-0-0-0\" class=\"so-panel widget widget_nav_menu panel-first-child panel-last-child\" data-index=\"0\" ><h3 class=\"widget-title\">Index Parc Naturel du Jorat<\/h3><div class=\"menu-parc-naturel-du-jorat-container\"><ul id=\"menu-parc-naturel-du-jorat\" class=\"menu\"><li id=\"menu-item-13496\" class=\"menu-item menu-item-type-taxonomy menu-item-object-tribe_events_cat menu-item-13496\"><a href=\"https:\/\/www.carillons.ch\/blog\/events\/categorie\/agenda\/association\/parc-naturel-du-jorat\/\" title=\"Activit\u00e9s et manifestations organis\u00e9es avec le Parc naturel du jorat\">AGENDA &#8230; Parc Naturel du Jorat<\/a><\/li>\n<li id=\"menu-item-13497\" class=\"menu-item menu-item-type-taxonomy menu-item-object-category menu-item-13497\"><a href=\"https:\/\/www.carillons.ch\/blog\/sujet\/associations\/14-parc-naturel-du-jorat\/\">ARTICLES &#8230; Parc Naturel du Jorat<\/a><\/li>\n<li id=\"menu-item-13499\" class=\"menu-item menu-item-type-post_type menu-item-object-post menu-item-13499\"><a href=\"https:\/\/www.carillons.ch\/blog\/parc-du-jorat\/\">PR\u00c9SENTATION &#8230; Parc Naturel du Jorat<\/a><\/li>\n<li id=\"menu-item-13967\" class=\"menu-item menu-item-type-post_type menu-item-object-page menu-item-13967\"><a href=\"https:\/\/www.carillons.ch\/blog\/programmes-des-animations-parc-naturel-du-jorat\/\" title=\"Programmes des animations, Parc Naturel du Jorat\">PROGRAMMES &#8230; des animations et activit\u00e9s<\/a><\/li>\n<\/ul><\/div><\/div><\/div><div id=\"pgc-gb13500-69dd154edb70a-0-1\"  class=\"panel-grid-cell\" ><div id=\"panel-gb13500-69dd154edb70a-0-1-0\" class=\"so-panel widget widget_nav_menu panel-first-child panel-last-child\" data-index=\"1\" ><h3 class=\"widget-title\">Programmes d&rsquo;activit\u00e9s<\/h3><div class=\"menu-pnpjorat-activites-container\"><ul id=\"menu-pnpjorat-activites\" class=\"menu\"><li id=\"menu-item-13982\" class=\"menu-item menu-item-type-post_type menu-item-object-post menu-item-13982\"><a href=\"https:\/\/www.carillons.ch\/blog\/jorat-programme-dactivites-2018\/\">Jorat, Programme d\u2019activit\u00e9s 2018<\/a><\/li>\n<li id=\"menu-item-13993\" class=\"menu-item menu-item-type-post_type menu-item-object-post menu-item-13993\"><a href=\"https:\/\/www.carillons.ch\/blog\/jorat-programme-dactivites-2017\/\">Jorat, programme d\u2019activit\u00e9s 2017<\/a><\/li>\n<\/ul><\/div><\/div><\/div><\/div><\/div>\n\n\n<p>Nouvelles du parc : <a rel=\"noreferrer noopener\" aria-label=\"https:\/\/www.facebook.com\/parcjorat\/ (s\u2019ouvre dans un nouvel onglet)\" href=\"https:\/\/www.facebook.com\/parcjorat\/\" target=\"_blank\">https:\/\/www.facebook.com\/parcjorat\/<\/a><\/p>\n\n\n\n<div class=\"powr-facebook-feed\" id=\"2bad412a_1581734935\"><\/div><script src=\"https:\/\/www.powr.io\/powr.js?platform=wordpress\"><\/script>\n","protected":false},"excerpt":{"rendered":"<p>L\u2019Abbaye de Montheron est tout naturellement un des p\u00f4les culturels et historiques de ce futur Parc Naturel P\u00e9riurbain du Jorat. Elle collabore \u00e0 plusieurs manifestations et activit\u00e9s, balades, visites, conf\u00e9rences, f\u00eates.<\/p>\n","protected":false},"author":1,"featured_media":13501,"parent":0,"menu_order":0,"comment_status":"closed","ping_status":"closed","template":"","meta":{"sfsi_plus_gutenberg_text_before_share":"","sfsi_plus_gutenberg_show_text_before_share":"","sfsi_plus_gutenberg_icon_type":"","sfsi_plus_gutenberg_icon_alignemt":"","sfsi_plus_gutenburg_max_per_row":"","_EventAllDay":false,"_EventTimezone":"","_EventStartDate":"","_EventEndDate":"","_EventStartDateUTC":"","_EventEndDateUTC":"","_EventShowMap":false,"_EventShowMapLink":false,"_EventURL":"","_EventCost":"","_EventCostDescription":"","_EventCurrencySymbol":"","_EventCurrencyCode":"","_EventCurrencyPosition":"","_EventDateTimeSeparator":"","_EventTimeRangeSeparator":"","_EventOrganizerID":[],"_EventVenueID":[],"_OrganizerEmail":"","_OrganizerPhone":"","_OrganizerWebsite":"","_VenueAddress":"","_VenueCity":"","_VenueCountry":"","_VenueProvince":"","_VenueState":"","_VenueZip":"","_VenuePhone":"","_VenueURL":"","_VenueStateProvince":"","_VenueLat":"","_VenueLng":"","_VenueShowMap":false,"_VenueShowMapLink":false,"footnotes":""},"class_list":["post-13500","page","type-page","status-publish","has-post-thumbnail","hentry"],"_links":{"self":[{"href":"https:\/\/www.carillons.ch\/blog\/wp-json\/wp\/v2\/pages\/13500","targetHints":{"allow":["GET"]}}],"collection":[{"href":"https:\/\/www.carillons.ch\/blog\/wp-json\/wp\/v2\/pages"}],"about":[{"href":"https:\/\/www.carillons.ch\/blog\/wp-json\/wp\/v2\/types\/page"}],"author":[{"embeddable":true,"href":"https:\/\/www.carillons.ch\/blog\/wp-json\/wp\/v2\/users\/1"}],"replies":[{"embeddable":true,"href":"https:\/\/www.carillons.ch\/blog\/wp-json\/wp\/v2\/comments?post=13500"}],"version-history":[{"count":12,"href":"https:\/\/www.carillons.ch\/blog\/wp-json\/wp\/v2\/pages\/13500\/revisions"}],"predecessor-version":[{"id":15624,"href":"https:\/\/www.carillons.ch\/blog\/wp-json\/wp\/v2\/pages\/13500\/revisions\/15624"}],"wp:featuredmedia":[{"embeddable":true,"href":"https:\/\/www.carillons.ch\/blog\/wp-json\/wp\/v2\/media\/13501"}],"wp:attachment":[{"href":"https:\/\/www.carillons.ch\/blog\/wp-json\/wp\/v2\/media?parent=13500"}],"curies":[{"name":"wp","href":"https:\/\/api.w.org\/{rel}","templated":true}]}}