{"id":13539,"date":"2020-01-25T06:22:50","date_gmt":"2020-01-25T05:22:50","guid":{"rendered":"http:\/\/www.langages.ch\/blog\/?page_id=13539"},"modified":"2020-01-25T06:23:16","modified_gmt":"2020-01-25T05:23:16","slug":"index-historique-abbaye-de-montheron","status":"publish","type":"page","link":"https:\/\/www.carillons.ch\/blog\/index-historique-abbaye-de-montheron\/","title":{"rendered":"Index Historique Abbaye de Montheron"},"content":{"rendered":"\n<p>Documentation historique et arch\u00e9ologique sur l\u2019Ancienne Abbaye de Montheron parue dans la revue des Amis de l&rsquo;Abbaye de Montheron :<\/p>\n\n\n<div id=\"pl-gb13539-69f43907835ea\"  class=\"panel-layout\" ><div id=\"pg-gb13539-69f43907835ea-0\"  class=\"panel-grid panel-no-style\" ><div id=\"pgc-gb13539-69f43907835ea-0-0\"  class=\"panel-grid-cell\" ><div id=\"panel-gb13539-69f43907835ea-0-0-0\" class=\"so-panel widget widget_nav_menu panel-first-child panel-last-child\" data-index=\"0\" ><h3 class=\"widget-title\">Index Documentation historique et arch\u00e9ologique sur l&rsquo;Abbaye de Montheron<\/h3><div class=\"menu-aaam3-documentation-historique-container\"><ul id=\"menu-aaam3-documentation-historique\" class=\"menu\"><li id=\"menu-item-13530\" class=\"menu-item menu-item-type-post_type menu-item-object-post menu-item-13530\"><a href=\"https:\/\/www.carillons.ch\/blog\/petit-historique-de-labbaye-de-montheron\/\">Petit historique de l&rsquo;Abbaye de Montheron<\/a><\/li>\n<li id=\"menu-item-13638\" class=\"menu-item menu-item-type-post_type menu-item-object-page menu-item-13638\"><a href=\"https:\/\/www.carillons.ch\/blog\/revue-montheron\/\">Revue Historique Abbaye de Montheron<\/a><\/li>\n<li id=\"menu-item-13529\" class=\"menu-item menu-item-type-post_type menu-item-object-post menu-item-13529\"><a href=\"https:\/\/www.carillons.ch\/blog\/le-seigneur-henri-de-colombier-et-labbaye-de-montheron\/\">SEIGNEUR &#8230; Henri de Colombier et l\u2019Abbaye de Montheron &#8230; Jean-Luc Rouiller<\/a><\/li>\n<li id=\"menu-item-13531\" class=\"menu-item menu-item-type-post_type menu-item-object-post menu-item-13531\"><a href=\"https:\/\/www.carillons.ch\/blog\/hist-la-ruelle-des-convers-chez-les-cisterciens\/\">CONVERS &#8230; La ruelle des convers chez les cisterciens .. Laurent Auberson<\/a><\/li>\n<li id=\"menu-item-13532\" class=\"menu-item menu-item-type-post_type menu-item-object-post menu-item-13532\"><a href=\"https:\/\/www.carillons.ch\/blog\/frigida-villa\/\">SEIGNEURIE &#8230; De Frigida villa \u00e0 Froideville &#8230; Michel Pittet<\/a><\/li>\n<li id=\"menu-item-13533\" class=\"menu-item menu-item-type-post_type menu-item-object-post menu-item-13533\"><a href=\"https:\/\/www.carillons.ch\/blog\/abbayes-cisterciennes-disparues\/\">ABBAYES &#8230; Abbayes cisterciennes disparues &#8230; Pierre Margot<\/a><\/li>\n<li id=\"menu-item-13534\" class=\"menu-item menu-item-type-post_type menu-item-object-post menu-item-13534\"><a href=\"https:\/\/www.carillons.ch\/blog\/panneau-le-monastere-de-montheron\/\">HISTORIQUE &#8230; Panneau: le monast\u00e8re de Montheron &#8230; Pierre Margot<\/a><\/li>\n<li id=\"menu-item-13535\" class=\"menu-item menu-item-type-post_type menu-item-object-post menu-item-13535\"><a href=\"https:\/\/www.carillons.ch\/blog\/le-mot-des-archeologues-montheron-1999-2006\/\">FOUILLES &#8230; Le mot des arch\u00e9ologues Montheron 1999-2006 &#8230; Ulrike Gollnick<\/a><\/li>\n<li id=\"menu-item-13536\" class=\"menu-item menu-item-type-post_type menu-item-object-post menu-item-13536\"><a href=\"https:\/\/www.carillons.ch\/blog\/fouilles-presentes-et-futures-a-labbaye-de-montheron\/\">FOUILLES &#8230; Fouilles pr\u00e9sentes et futures \u00e0 l&rsquo;Abbaye de Montheron &#8230; Michel Fuchs<\/a><\/li>\n<li id=\"menu-item-13537\" class=\"menu-item menu-item-type-post_type menu-item-object-post menu-item-13537\"><a href=\"https:\/\/www.carillons.ch\/blog\/lancienne-abbatiale-de-montheron-une-enigme-architecturale\/\">ABSIDE &#8230; L\u2019ancienne abbatiale de Montheron: une \u00e9nigme architecturale &#8230; Pierre Golaz<\/a><\/li>\n<li id=\"menu-item-13538\" class=\"menu-item menu-item-type-post_type menu-item-object-post menu-item-13538\"><a href=\"https:\/\/www.carillons.ch\/blog\/la-memoire-ecrite-de-labbaye-de-montheron\/\">ARCHIVES &#8230; La m\u00e9moire \u00e9crite de l\u2019abbaye de Montheron &#8230; Gilbert Coutaz<\/a><\/li>\n<li id=\"menu-item-13545\" class=\"menu-item menu-item-type-post_type menu-item-object-post menu-item-13545\"><a href=\"https:\/\/www.carillons.ch\/blog\/resurrection-du-site-historique-de-montheron-au-xxe-siecle\/\">SITE &#8230; R\u00e9surrection du site historique de Montheron au XXe si\u00e8cle &#8230; Gilbert Coutaz<\/a><\/li>\n<li id=\"menu-item-13546\" class=\"menu-item menu-item-type-post_type menu-item-object-post menu-item-13546\"><a href=\"https:\/\/www.carillons.ch\/blog\/a-propos-dune-maquette-de-lancienne-abbatiale-de-montheron\/\">MAQUETTE &#8230; A propos d\u2019une maquette de l\u2019ancienne Abbatiale de Montheron &#8230; Pierre Golaz<\/a><\/li>\n<li id=\"menu-item-13547\" class=\"menu-item menu-item-type-post_type menu-item-object-post menu-item-13547\"><a href=\"https:\/\/www.carillons.ch\/blog\/photos-otto-schmid-1928\/\">FOUILLES &#8230; Photos Otto Schmid 1928 &#8230; Pierre Golaz<\/a><\/li>\n<li id=\"menu-item-13548\" class=\"menu-item menu-item-type-post_type menu-item-object-post menu-item-13548\"><a href=\"https:\/\/www.carillons.ch\/blog\/fouilles-archeologiques-et-documents-darchives\/\">FOUILLES &#8230; Fouilles arch\u00e9ologiques et documents d\u2019archives &#8230; Valentine Bays et Arnaud Taurian<\/a><\/li>\n<li id=\"menu-item-13549\" class=\"menu-item menu-item-type-post_type menu-item-object-post menu-item-13549\"><a href=\"https:\/\/www.carillons.ch\/blog\/charte-de-1142\/\">CHARTE &#8230; Charte de 1142, donations fondatrices<\/a><\/li>\n<li id=\"menu-item-13584\" class=\"menu-item menu-item-type-post_type menu-item-object-post menu-item-13584\"><a href=\"https:\/\/www.carillons.ch\/blog\/etablissements-religieux-medievaux-dans-le-jorat\/\">JORAT &#8230; \u00c9tablissements religieux m\u00e9di\u00e9vaux dans le Jorat &#8230; Laurent Auberson<\/a><\/li>\n<li id=\"menu-item-13589\" class=\"menu-item menu-item-type-post_type menu-item-object-post menu-item-13589\"><a href=\"https:\/\/www.carillons.ch\/blog\/bellevaux-abbaye-mere-de-montheron\/\">BELLEVAUX &#8230; abbaye-m\u00e8re de Montheron &#8230; Felix Ackermann<\/a><\/li>\n<li id=\"menu-item-13632\" class=\"menu-item menu-item-type-post_type menu-item-object-post menu-item-13632\"><a href=\"https:\/\/www.carillons.ch\/blog\/un-heraut-du-comte-de-savoie-a-montheron\/\">SAVOIE &#8230; Un h\u00e9raut du comte de Savoie \u00e0 Montheron &#8230; Jean-Luc Rouiller<\/a><\/li>\n<li id=\"menu-item-13697\" class=\"menu-item menu-item-type-post_type menu-item-object-post menu-item-13697\"><a href=\"https:\/\/www.carillons.ch\/blog\/quartier-du-pont-a-lausanne\/\">LA VILLE &#8230; Quartier du Pont \u00e0 Lausanne &#8230; Florian Chiaradia<\/a><\/li>\n<li id=\"menu-item-13722\" class=\"menu-item menu-item-type-post_type menu-item-object-post menu-item-13722\"><a href=\"https:\/\/www.carillons.ch\/blog\/le-dezaley-et-ses-chapelles\/\">CHAPELLE &#8230; Le D\u00e9zaley et ses chapelles &#8230; Pierre Golaz<\/a><\/li>\n<li id=\"menu-item-13758\" class=\"menu-item menu-item-type-post_type menu-item-object-post menu-item-13758\"><a href=\"https:\/\/www.carillons.ch\/blog\/position-de-la-chaire-dans-leglise-de-montheron\/\">CHAIRE &#8230; Position de la chaire dans l\u2019\u00e9glise de Montheron &#8230; Pierre Margot<\/a><\/li>\n<li id=\"menu-item-13780\" class=\"menu-item menu-item-type-post_type menu-item-object-post menu-item-13780\"><a href=\"https:\/\/www.carillons.ch\/blog\/notre-dame-de-bellevaux-une-abbaye-oubliee\/\">ABBAYE VOISINE &#8230; Notre-Dame de Bellevaux, une abbaye oubli\u00e9e &#8230; Pierre Golaz et Pierre Margot<\/a><\/li>\n<li id=\"menu-item-13787\" class=\"menu-item menu-item-type-post_type menu-item-object-post menu-item-13787\"><a href=\"https:\/\/www.carillons.ch\/blog\/montheron-1999-2006-ou-dun-vilain-champignon-a-une-belle-restauration\/\">RESTAURATION &#8230; Montheron 1999-2006, ou d&rsquo;un vilain champignon \u00e0 une belle restauration &#8230; Oscar Tosato<\/a><\/li>\n<li id=\"menu-item-13902\" class=\"menu-item menu-item-type-post_type menu-item-object-post menu-item-13902\"><a href=\"https:\/\/www.carillons.ch\/blog\/restauration-de-leglise-de-montheron\/\">RESTAURATION &#8230; de l&rsquo;\u00e9glise de Montheron en 2006 &#8230; Christophe Amsler<\/a><\/li>\n<\/ul><\/div><\/div><\/div><\/div><\/div>","protected":false},"excerpt":{"rendered":"<p>Documentation historique et arch\u00e9ologique sur l\u2019Ancienne Abbaye de Montheron parue dans la revue des Amis de l&rsquo;Abbaye de Montheron <\/p>\n","protected":false},"author":1,"featured_media":13540,"parent":0,"menu_order":0,"comment_status":"closed","ping_status":"closed","template":"","meta":{"sfsi_plus_gutenberg_text_before_share":"","sfsi_plus_gutenberg_show_text_before_share":"","sfsi_plus_gutenberg_icon_type":"","sfsi_plus_gutenberg_icon_alignemt":"","sfsi_plus_gutenburg_max_per_row":"","_EventAllDay":false,"_EventTimezone":"","_EventStartDate":"","_EventEndDate":"","_EventStartDateUTC":"","_EventEndDateUTC":"","_EventShowMap":false,"_EventShowMapLink":false,"_EventURL":"","_EventCost":"","_EventCostDescription":"","_EventCurrencySymbol":"","_EventCurrencyCode":"","_EventCurrencyPosition":"","_EventDateTimeSeparator":"","_EventTimeRangeSeparator":"","_EventOrganizerID":[],"_EventVenueID":[],"_OrganizerEmail":"","_OrganizerPhone":"","_OrganizerWebsite":"","_VenueAddress":"","_VenueCity":"","_VenueCountry":"","_VenueProvince":"","_VenueState":"","_VenueZip":"","_VenuePhone":"","_VenueURL":"","_VenueStateProvince":"","_VenueLat":"","_VenueLng":"","_VenueShowMap":false,"_VenueShowMapLink":false,"footnotes":""},"class_list":["post-13539","page","type-page","status-publish","has-post-thumbnail","hentry"],"_links":{"self":[{"href":"https:\/\/www.carillons.ch\/blog\/wp-json\/wp\/v2\/pages\/13539","targetHints":{"allow":["GET"]}}],"collection":[{"href":"https:\/\/www.carillons.ch\/blog\/wp-json\/wp\/v2\/pages"}],"about":[{"href":"https:\/\/www.carillons.ch\/blog\/wp-json\/wp\/v2\/types\/page"}],"author":[{"embeddable":true,"href":"https:\/\/www.carillons.ch\/blog\/wp-json\/wp\/v2\/users\/1"}],"replies":[{"embeddable":true,"href":"https:\/\/www.carillons.ch\/blog\/wp-json\/wp\/v2\/comments?post=13539"}],"version-history":[{"count":1,"href":"https:\/\/www.carillons.ch\/blog\/wp-json\/wp\/v2\/pages\/13539\/revisions"}],"predecessor-version":[{"id":13541,"href":"https:\/\/www.carillons.ch\/blog\/wp-json\/wp\/v2\/pages\/13539\/revisions\/13541"}],"wp:featuredmedia":[{"embeddable":true,"href":"https:\/\/www.carillons.ch\/blog\/wp-json\/wp\/v2\/media\/13540"}],"wp:attachment":[{"href":"https:\/\/www.carillons.ch\/blog\/wp-json\/wp\/v2\/media?parent=13539"}],"curies":[{"name":"wp","href":"https:\/\/api.w.org\/{rel}","templated":true}]}}

<p>Documentation historique et archéologique sur l’Ancienne Abbaye de Montheron parue dans la revue des Amis de l&rsquo;Abbaye de Montheron :</p>


<div id="pl-gb13539-69f43907835ea"  class="panel-layout" ><div id="pg-gb13539-69f43907835ea-0"  class="panel-grid panel-no-style" ><div id="pgc-gb13539-69f43907835ea-0-0"  class="panel-grid-cell" ><div id="panel-gb13539-69f43907835ea-0-0-0" class="so-panel widget widget_nav_menu panel-first-child panel-last-child" data-index="0" ><h3 class="widget-title">Index Documentation historique et archéologique sur l&rsquo;Abbaye de Montheron</h3><div class="menu-aaam3-documentation-historique-container"><ul id="menu-aaam3-documentation-historique" class="menu"><li id="menu-item-13530" class="menu-item menu-item-type-post_type menu-item-object-post menu-item-13530"><a href="https://www.carillons.ch/blog/petit-historique-de-labbaye-de-montheron/">Petit historique de l&rsquo;Abbaye de Montheron</a></li>
<li id="menu-item-13638" class="menu-item menu-item-type-post_type menu-item-object-page menu-item-13638"><a href="https://www.carillons.ch/blog/revue-montheron/">Revue Historique Abbaye de Montheron</a></li>
<li id="menu-item-13529" class="menu-item menu-item-type-post_type menu-item-object-post menu-item-13529"><a href="https://www.carillons.ch/blog/le-seigneur-henri-de-colombier-et-labbaye-de-montheron/">SEIGNEUR &#8230; Henri de Colombier et l’Abbaye de Montheron &#8230; Jean-Luc Rouiller</a></li>
<li id="menu-item-13531" class="menu-item menu-item-type-post_type menu-item-object-post menu-item-13531"><a href="https://www.carillons.ch/blog/hist-la-ruelle-des-convers-chez-les-cisterciens/">CONVERS &#8230; La ruelle des convers chez les cisterciens .. Laurent Auberson</a></li>
<li id="menu-item-13532" class="menu-item menu-item-type-post_type menu-item-object-post menu-item-13532"><a href="https://www.carillons.ch/blog/frigida-villa/">SEIGNEURIE &#8230; De Frigida villa à Froideville &#8230; Michel Pittet</a></li>
<li id="menu-item-13533" class="menu-item menu-item-type-post_type menu-item-object-post menu-item-13533"><a href="https://www.carillons.ch/blog/abbayes-cisterciennes-disparues/">ABBAYES &#8230; Abbayes cisterciennes disparues &#8230; Pierre Margot</a></li>
<li id="menu-item-13534" class="menu-item menu-item-type-post_type menu-item-object-post menu-item-13534"><a href="https://www.carillons.ch/blog/panneau-le-monastere-de-montheron/">HISTORIQUE &#8230; Panneau: le monastère de Montheron &#8230; Pierre Margot</a></li>
<li id="menu-item-13535" class="menu-item menu-item-type-post_type menu-item-object-post menu-item-13535"><a href="https://www.carillons.ch/blog/le-mot-des-archeologues-montheron-1999-2006/">FOUILLES &#8230; Le mot des archéologues Montheron 1999-2006 &#8230; Ulrike Gollnick</a></li>
<li id="menu-item-13536" class="menu-item menu-item-type-post_type menu-item-object-post menu-item-13536"><a href="https://www.carillons.ch/blog/fouilles-presentes-et-futures-a-labbaye-de-montheron/">FOUILLES &#8230; Fouilles présentes et futures à l&rsquo;Abbaye de Montheron &#8230; Michel Fuchs</a></li>
<li id="menu-item-13537" class="menu-item menu-item-type-post_type menu-item-object-post menu-item-13537"><a href="https://www.carillons.ch/blog/lancienne-abbatiale-de-montheron-une-enigme-architecturale/">ABSIDE &#8230; L’ancienne abbatiale de Montheron: une énigme architecturale &#8230; Pierre Golaz</a></li>
<li id="menu-item-13538" class="menu-item menu-item-type-post_type menu-item-object-post menu-item-13538"><a href="https://www.carillons.ch/blog/la-memoire-ecrite-de-labbaye-de-montheron/">ARCHIVES &#8230; La mémoire écrite de l’abbaye de Montheron &#8230; Gilbert Coutaz</a></li>
<li id="menu-item-13545" class="menu-item menu-item-type-post_type menu-item-object-post menu-item-13545"><a href="https://www.carillons.ch/blog/resurrection-du-site-historique-de-montheron-au-xxe-siecle/">SITE &#8230; Résurrection du site historique de Montheron au XXe siècle &#8230; Gilbert Coutaz</a></li>
<li id="menu-item-13546" class="menu-item menu-item-type-post_type menu-item-object-post menu-item-13546"><a href="https://www.carillons.ch/blog/a-propos-dune-maquette-de-lancienne-abbatiale-de-montheron/">MAQUETTE &#8230; A propos d’une maquette de l’ancienne Abbatiale de Montheron &#8230; Pierre Golaz</a></li>
<li id="menu-item-13547" class="menu-item menu-item-type-post_type menu-item-object-post menu-item-13547"><a href="https://www.carillons.ch/blog/photos-otto-schmid-1928/">FOUILLES &#8230; Photos Otto Schmid 1928 &#8230; Pierre Golaz</a></li>
<li id="menu-item-13548" class="menu-item menu-item-type-post_type menu-item-object-post menu-item-13548"><a href="https://www.carillons.ch/blog/fouilles-archeologiques-et-documents-darchives/">FOUILLES &#8230; Fouilles archéologiques et documents d’archives &#8230; Valentine Bays et Arnaud Taurian</a></li>
<li id="menu-item-13549" class="menu-item menu-item-type-post_type menu-item-object-post menu-item-13549"><a href="https://www.carillons.ch/blog/charte-de-1142/">CHARTE &#8230; Charte de 1142, donations fondatrices</a></li>
<li id="menu-item-13584" class="menu-item menu-item-type-post_type menu-item-object-post menu-item-13584"><a href="https://www.carillons.ch/blog/etablissements-religieux-medievaux-dans-le-jorat/">JORAT &#8230; Établissements religieux médiévaux dans le Jorat &#8230; Laurent Auberson</a></li>
<li id="menu-item-13589" class="menu-item menu-item-type-post_type menu-item-object-post menu-item-13589"><a href="https://www.carillons.ch/blog/bellevaux-abbaye-mere-de-montheron/">BELLEVAUX &#8230; abbaye-mère de Montheron &#8230; Felix Ackermann</a></li>
<li id="menu-item-13632" class="menu-item menu-item-type-post_type menu-item-object-post menu-item-13632"><a href="https://www.carillons.ch/blog/un-heraut-du-comte-de-savoie-a-montheron/">SAVOIE &#8230; Un héraut du comte de Savoie à Montheron &#8230; Jean-Luc Rouiller</a></li>
<li id="menu-item-13697" class="menu-item menu-item-type-post_type menu-item-object-post menu-item-13697"><a href="https://www.carillons.ch/blog/quartier-du-pont-a-lausanne/">LA VILLE &#8230; Quartier du Pont à Lausanne &#8230; Florian Chiaradia</a></li>
<li id="menu-item-13722" class="menu-item menu-item-type-post_type menu-item-object-post menu-item-13722"><a href="https://www.carillons.ch/blog/le-dezaley-et-ses-chapelles/">CHAPELLE &#8230; Le Dézaley et ses chapelles &#8230; Pierre Golaz</a></li>
<li id="menu-item-13758" class="menu-item menu-item-type-post_type menu-item-object-post menu-item-13758"><a href="https://www.carillons.ch/blog/position-de-la-chaire-dans-leglise-de-montheron/">CHAIRE &#8230; Position de la chaire dans l’église de Montheron &#8230; Pierre Margot</a></li>
<li id="menu-item-13780" class="menu-item menu-item-type-post_type menu-item-object-post menu-item-13780"><a href="https://www.carillons.ch/blog/notre-dame-de-bellevaux-une-abbaye-oubliee/">ABBAYE VOISINE &#8230; Notre-Dame de Bellevaux, une abbaye oubliée &#8230; Pierre Golaz et Pierre Margot</a></li>
<li id="menu-item-13787" class="menu-item menu-item-type-post_type menu-item-object-post menu-item-13787"><a href="https://www.carillons.ch/blog/montheron-1999-2006-ou-dun-vilain-champignon-a-une-belle-restauration/">RESTAURATION &#8230; Montheron 1999-2006, ou d&rsquo;un vilain champignon à une belle restauration &#8230; Oscar Tosato</a></li>
<li id="menu-item-13902" class="menu-item menu-item-type-post_type menu-item-object-post menu-item-13902"><a href="https://www.carillons.ch/blog/restauration-de-leglise-de-montheron/">RESTAURATION &#8230; de l&rsquo;église de Montheron en 2006 &#8230; Christophe Amsler</a></li>
</ul></div></div></div></div></div>

<p>Documentation historique et archéologique sur l’Ancienne Abbaye de Montheron parue dans la revue des Amis de l&rsquo;Abbaye de Montheron </p>
