{"id":14208,"date":"2020-02-16T20:34:29","date_gmt":"2020-02-16T19:34:29","guid":{"rendered":"http:\/\/www.langages.ch\/blog\/?page_id=14208"},"modified":"2020-02-16T20:34:33","modified_gmt":"2020-02-16T19:34:33","slug":"index-chapelle-du-clos-des-abbayes","status":"publish","type":"page","link":"https:\/\/www.carillons.ch\/blog\/index-chapelle-du-clos-des-abbayes\/","title":{"rendered":"Index Chapelle du Clos des Abbayes"},"content":{"rendered":"\n<p>Clos des Abbayes, chapelle du D\u00e9zaley pr\u00e8s Rivaz, ancienne chapelle gothique d\u2019une grange viticole cistercienne l\u2019Abbaye de Montheron<br>Concerts, balades, visites guid\u00e9es, conf\u00e9rences, offices chant\u00e9s et autres manifestations. <\/p>\n\n\n\n<p>La chapelle du Clos des Abbayes est membre de la Charte des Abbayes et Sites Cisterciens et donc de la Route Europ\u00e9enne des Abbayes Cisterciennes<\/p>\n\n\n<div id=\"pl-gb14208-69fbf9fe753c7\"  class=\"panel-layout\" ><div id=\"pg-gb14208-69fbf9fe753c7-0\"  class=\"panel-grid panel-no-style\" ><div id=\"pgc-gb14208-69fbf9fe753c7-0-0\"  class=\"panel-grid-cell\" ><div id=\"panel-gb14208-69fbf9fe753c7-0-0-0\" class=\"so-panel widget widget_nav_menu panel-first-child panel-last-child\" data-index=\"0\" ><h3 class=\"widget-title\">Index Chapelle du Clos des Abbayes<\/h3><div class=\"menu-aaam5-chapelle-du-clos-des-abbayes-container\"><ul id=\"menu-aaam5-chapelle-du-clos-des-abbayes\" class=\"menu\"><li id=\"menu-item-14213\" class=\"menu-item menu-item-type-taxonomy menu-item-object-tribe_events_cat menu-item-14213\"><a href=\"https:\/\/www.carillons.ch\/blog\/events\/categorie\/agenda\/association\/chapelle-du-dezaley\/\">AGENDA &#8230; Chapelle du D\u00e9zaley<\/a><\/li>\n<li id=\"menu-item-14214\" class=\"menu-item menu-item-type-taxonomy menu-item-object-category menu-item-14214\"><a href=\"https:\/\/www.carillons.ch\/blog\/sujet\/associations\/chapelle-du-dezaley\/\">ARTICLES &#8230; Chapelle du D\u00e9zaley<\/a><\/li>\n<li id=\"menu-item-14210\" class=\"menu-item menu-item-type-post_type menu-item-object-post menu-item-14210\"><a href=\"https:\/\/www.carillons.ch\/blog\/la-chapelle-du-clos-des-abbayes-au-dezaley\/\">Chapelle du Clos des Abbayes au D\u00e9zaley<\/a><\/li>\n<li id=\"menu-item-14211\" class=\"menu-item menu-item-type-post_type menu-item-object-post menu-item-14211\"><a href=\"https:\/\/www.carillons.ch\/blog\/chapelle-du-clos-des-moines-au-dezaley\/\">Chapelle du Clos des moines au D\u00e9zaley<\/a><\/li>\n<li id=\"menu-item-14212\" class=\"menu-item menu-item-type-post_type menu-item-object-post menu-item-14212\"><a href=\"https:\/\/www.carillons.ch\/blog\/orgue-positif-walpen-au-dezaley\/\">Orgue positif Walpen au D\u00e9zaley 1800<\/a><\/li>\n<li id=\"menu-item-14209\" class=\"menu-item menu-item-type-post_type menu-item-object-post menu-item-14209\"><a href=\"https:\/\/www.carillons.ch\/blog\/le-dezaley-et-ses-chapelles\/\">Le D\u00e9zaley et ses chapelles<\/a><\/li>\n<li id=\"menu-item-14215\" class=\"menu-item menu-item-type-post_type menu-item-object-post menu-item-14215\"><a href=\"https:\/\/www.carillons.ch\/blog\/route-europeenne-des-abbayes-cisterciennes\/\">Route europ\u00e9enne des abbayes cisterciennes<\/a><\/li>\n<\/ul><\/div><\/div><\/div><\/div><\/div>\n\n\n<p>Derniers articles :<\/p>\n\n\n    <div data-options='{&quot;id&quot;:&quot;11685&quot;,&quot;lazy_load&quot;:&quot;no&quot;,&quot;masonry_enable&quot;:&quot;yes&quot;,&quot;view_type&quot;:&quot;grid&quot;}' id=\"post-grid-11685\" class=\"post-grid grid\">\n    \n\n\n    <div class=\"grid-items\">\n      <div class=\"item item-7725 skin flat even 0 \">\n        <div class=\"layer-wrapper layout-\">\n        <div class=\"layer-media\"><a href=\"https:\/\/www.carillons.ch\/blog\/la-chapelle-du-clos-des-abbayes-au-dezaley\/\"><img decoding=\"async\" alt=\"chapelle-dezaley-vert-lac_900\" src=\"https:\/\/www.carillons.ch\/blog\/wp-content\/uploads\/chapelle-dezaley-vert-lac_900-1-300x224.jpg\" \/><\/a><\/div>\n  <div class=\"layer-content\">\n        <div class=\"element element_0  title_link \">\r\n                    <a target=\"_parent\"\r\n                href=\"https:\/\/www.carillons.ch\/blog\/la-chapelle-du-clos-des-abbayes-au-dezaley\/\">Chapelle du Clos des Abbayes au D\u00e9zaley<\/a>\r\n            <\/div>\r\n    <div class=\"element element_1  excerpt \">\r\n        Clos des Abbayes, chapelle du D\u00e9zaley pr\u00e8s Rivaz Concerts, balades, visites guid\u00e9es, conf\u00e9rences, offices chant\u00e9s et autres manifestations Chapelle des moines cisterciens dans les vignes            <\/div>\r\n  <\/div>\n    <\/div>\n  <\/div><div class=\"item item-7734 skin flat odd 1 \">\n        <div class=\"layer-wrapper layout-\">\n        <div class=\"layer-media\"><a href=\"https:\/\/www.carillons.ch\/blog\/chapelle-du-clos-des-moines-au-dezaley\/\"><img decoding=\"async\" alt=\"\" src=\"https:\/\/www.carillons.ch\/blog\/wp-content\/uploads\/chapelle-clos-moines-rouge-300x224.jpg\" \/><\/a><\/div>\n  <div class=\"layer-content\">\n        <div class=\"element element_0  title_link \">\r\n                    <a target=\"_parent\"\r\n                href=\"https:\/\/www.carillons.ch\/blog\/chapelle-du-clos-des-moines-au-dezaley\/\">Chapelle du Clos des moines au D\u00e9zaley<\/a>\r\n            <\/div>\r\n    <div class=\"element element_1  excerpt \">\r\n        Chapelle du Clos des moines au D\u00e9zaley: le domaine est plus souvent appel\u00e9 D\u00e9zaley d\u2019En Haut (par opposition \u00e0 celui d\u2019En Bas, devenu le Clos            <\/div>\r\n  <\/div>\n    <\/div>\n  <\/div><div class=\"item item-10605 skin flat even 2 \">\n        <div class=\"layer-wrapper layout-\">\n        <div class=\"layer-media\"><a href=\"https:\/\/www.carillons.ch\/blog\/daniel-thomas-organiste\/\"><img decoding=\"async\" alt=\"\" src=\"https:\/\/www.carillons.ch\/blog\/wp-content\/uploads\/daniel-thomas-organiste2-1-284x300.jpg\" \/><\/a><\/div>\n  <div class=\"layer-content\">\n        <div class=\"element element_0  title_link \">\r\n                    <a target=\"_parent\"\r\n                href=\"https:\/\/www.carillons.ch\/blog\/daniel-thomas-organiste\/\">Daniel Thomas, organiste<\/a>\r\n            <\/div>\r\n    <div class=\"element element_1  excerpt \">\r\n        Daniel Thomas aime l\u2019orgue et ses couleurs sonores orchestrales: il a obtenu en 1992 une virtuosit\u00e9 d\u2019orgue du Conservatoire de Lausanne et il est titulaire            <\/div>\r\n  <\/div>\n    <\/div>\n  <\/div><div class=\"item item-13718 skin flat odd 3 \">\n        <div class=\"layer-wrapper layout-\">\n        <div class=\"layer-media\"><a href=\"https:\/\/www.carillons.ch\/blog\/le-dezaley-et-ses-chapelles\/\"><img decoding=\"async\" alt=\"\" src=\"https:\/\/www.carillons.ch\/blog\/wp-content\/uploads\/dezaley-moines-300x145.jpg\" \/><\/a><\/div>\n  <div class=\"layer-content\">\n        <div class=\"element element_0  title_link \">\r\n                    <a target=\"_parent\"\r\n                href=\"https:\/\/www.carillons.ch\/blog\/le-dezaley-et-ses-chapelles\/\">Le D\u00e9zaley et ses chapelles<\/a>\r\n            <\/div>\r\n    <div class=\"element element_1  excerpt \">\r\n        Trop \u00e9loign\u00e9s des abbayes-m\u00e8res, les vignobles ne permettaient pas aux moines- vignerons de rejoindre leurs cellules chaque soir. C\u2019est l\u00e0 l\u2019origine des maisons vigneronnes du            <\/div>\r\n  <\/div>\n    <\/div>\n  <\/div><div class=\"item item-7727 skin flat even 4 \">\n        <div class=\"layer-wrapper layout-\">\n        <div class=\"layer-media\"><a href=\"https:\/\/www.carillons.ch\/blog\/orgue-positif-walpen-au-dezaley\/\"><img decoding=\"async\" alt=\"\" src=\"https:\/\/www.carillons.ch\/blog\/wp-content\/uploads\/orgue-walpen-dezaley-600-1-300x224.jpg\" \/><\/a><\/div>\n  <div class=\"layer-content\">\n        <div class=\"element element_0  title_link \">\r\n                    <a target=\"_parent\"\r\n                href=\"https:\/\/www.carillons.ch\/blog\/orgue-positif-walpen-au-dezaley\/\">Orgue positif Walpen au D\u00e9zaley 1800<\/a>\r\n            <\/div>\r\n    <div class=\"element element_1  excerpt \">\r\n        N\u00e9 vers 1800, dans les ateliers des facteurs d\u2019orgues haut-valaisans Walpen1, non loin de la belle \u00e9glise baroque de Reckingen, je ne garde, malheureusement aucun            <\/div>\r\n  <\/div>\n    <\/div>\n  <\/div><div class=\"item item-3273 skin flat odd 5 \">\n        <div class=\"layer-wrapper layout-\">\n        <div class=\"layer-media\"><a href=\"https:\/\/www.carillons.ch\/blog\/petit-historique-de-labbaye-de-montheron\/\"><img decoding=\"async\" alt=\"\" src=\"https:\/\/www.carillons.ch\/blog\/wp-content\/uploads\/chapelle-dezaley-interieur-2-600_Fotor-1-300x225.jpg\" \/><\/a><\/div>\n  <div class=\"layer-content\">\n        <div class=\"element element_0  title_link \">\r\n                    <a target=\"_parent\"\r\n                href=\"https:\/\/www.carillons.ch\/blog\/petit-historique-de-labbaye-de-montheron\/\">Petit historique de l&rsquo;Abbaye de Montheron<\/a>\r\n            <\/div>\r\n    <div class=\"element element_1  excerpt \">\r\n        Documentation historique et arch\u00e9ologique sur l'Ancienne Abbaye de Montheron : Br\u00e8ve pr\u00e9sentation de l\u2019abbaye de Montheron L'actuelle \u00e9glise de Montheron est \u00e9difi\u00e9e sur les restes            <\/div>\r\n  <\/div>\n    <\/div>\n  <\/div>    <\/div>\n    <div class=\"pagination\">\n      <div class=\"paginate\">\n      <\/div>\n  <style type=\"text\/css\">\n    #post-grid-11685 .pagination .page-numbers {\n      font-size: 16px;\n      color: #fff;\n      background: #646464;\n    }\n\n    #post-grid-11685 .pagination .page-numbers:hover,\n    #post-grid-11685 .pagination .page-numbers.current {\n      background: #4b4b4b;\n    }\n  <\/style>\n  <\/div>\n      <style type=\"text\/css\">\n      \/*Write your CSS code here*\/    <\/style>\n      <script>\n          \/*Write your js code here*\/          <\/script>\n    <style type=\"text\/css\">\n    #post-grid-11685 .element_0 {\n      font-size:14px;padding:1px;float: left;    }\n\n    #post-grid-11685 .element_1 {\n      display: block;font-size: 11px;padding: 2px 3px;text-align: left;float: left;    }\n\n    #post-grid-11685 .element_0:hover{}#post-grid-11685 .element_1:hover{}  <\/style>\n  <style type=\"text\/css\">\n    #post-grid-11685 {\n      padding: 1px;\n      background-color: #fff;\n          }\n\n    #post-grid-11685 .item {\n      padding: 0px;\n      background: #fff;\n          }\n\n    #post-grid-11685 .item .layer-media {\n      height:auto;    }\n\n    @media only screen and (min-width: 0px) and (max-width: 767px) {\n      #post-grid-11685 .grid-items {\n        text-align: center;\n              }\n\n      #post-grid-11685 .item {\n        width: 90%;\n        margin: 10px;\n        display: inline-block;\n        vertical-align: top;\n        height:auto;      }\n    }\n\n    @media only screen and (min-width: 768px) and (max-width: 1023px) {\n      #post-grid-11685 .grid-items {\n        text-align: center;\n              }\n\n      #post-grid-11685 .item {\n        width: 200px;\n        margin: 10px;\n        display: inline-block;\n        vertical-align: top;\n        max-height:auto;      }\n    }\n\n    @media only screen and (min-width: 1024px) {\n      #post-grid-11685 .grid-items {\n        text-align: center;\n              }\n\n      #post-grid-11685 .item {\n        width: 180px;\n        display: inline-block;\n        margin: 10px;\n        vertical-align: top;\n        height:auto;      }\n    }\n\n      <\/style>\n  <\/div>\n\n","protected":false},"excerpt":{"rendered":"<p>Clos des Abbayes, chapelle du D\u00e9zaley pr\u00e8s Rivaz, ancienne chapelle gothique d\u2019une grange viticole cistercienne l\u2019Abbaye de Montheron<br \/>\nConcerts, balades, visites guid\u00e9es, conf\u00e9rences, offices chant\u00e9s et autres manifestations.<\/p>\n","protected":false},"author":1,"featured_media":0,"parent":0,"menu_order":0,"comment_status":"closed","ping_status":"closed","template":"","meta":{"sfsi_plus_gutenberg_text_before_share":"","sfsi_plus_gutenberg_show_text_before_share":"","sfsi_plus_gutenberg_icon_type":"","sfsi_plus_gutenberg_icon_alignemt":"","sfsi_plus_gutenburg_max_per_row":"","_EventAllDay":false,"_EventTimezone":"","_EventStartDate":"","_EventEndDate":"","_EventStartDateUTC":"","_EventEndDateUTC":"","_EventShowMap":false,"_EventShowMapLink":false,"_EventURL":"","_EventCost":"","_EventCostDescription":"","_EventCurrencySymbol":"","_EventCurrencyCode":"","_EventCurrencyPosition":"","_EventDateTimeSeparator":"","_EventTimeRangeSeparator":"","_EventOrganizerID":[],"_EventVenueID":[],"_OrganizerEmail":"","_OrganizerPhone":"","_OrganizerWebsite":"","_VenueAddress":"","_VenueCity":"","_VenueCountry":"","_VenueProvince":"","_VenueState":"","_VenueZip":"","_VenuePhone":"","_VenueURL":"","_VenueStateProvince":"","_VenueLat":"","_VenueLng":"","_VenueShowMap":false,"_VenueShowMapLink":false,"footnotes":""},"class_list":["post-14208","page","type-page","status-publish","hentry"],"_links":{"self":[{"href":"https:\/\/www.carillons.ch\/blog\/wp-json\/wp\/v2\/pages\/14208","targetHints":{"allow":["GET"]}}],"collection":[{"href":"https:\/\/www.carillons.ch\/blog\/wp-json\/wp\/v2\/pages"}],"about":[{"href":"https:\/\/www.carillons.ch\/blog\/wp-json\/wp\/v2\/types\/page"}],"author":[{"embeddable":true,"href":"https:\/\/www.carillons.ch\/blog\/wp-json\/wp\/v2\/users\/1"}],"replies":[{"embeddable":true,"href":"https:\/\/www.carillons.ch\/blog\/wp-json\/wp\/v2\/comments?post=14208"}],"version-history":[{"count":1,"href":"https:\/\/www.carillons.ch\/blog\/wp-json\/wp\/v2\/pages\/14208\/revisions"}],"predecessor-version":[{"id":14217,"href":"https:\/\/www.carillons.ch\/blog\/wp-json\/wp\/v2\/pages\/14208\/revisions\/14217"}],"wp:attachment":[{"href":"https:\/\/www.carillons.ch\/blog\/wp-json\/wp\/v2\/media?parent=14208"}],"curies":[{"name":"wp","href":"https:\/\/api.w.org\/{rel}","templated":true}]}}