{"id":14322,"date":"2020-02-17T09:32:31","date_gmt":"2020-02-17T08:32:31","guid":{"rendered":"http:\/\/www.langages.ch\/blog\/?page_id=14322"},"modified":"2020-02-17T09:40:29","modified_gmt":"2020-02-17T08:40:29","slug":"index-ville-de-pully","status":"publish","type":"page","link":"https:\/\/www.carillons.ch\/blog\/index-ville-de-pully\/","title":{"rendered":"Index Ville de Pully"},"content":{"rendered":"\n<p>Le Carillon de Chantemerle est sur le territoire de la Ville de Pully, il est propri\u00e9t\u00e9 de la Ville de Pully et l\u2019Association des Amis du Carillon de Chantemerle est une institution soutenue pas la Ville.<\/p>\n\n\n\n<p>Le Carillon de Chantemerle collabore avec quelques institutions de Pully.<\/p>\n\n\n<div id=\"pl-gb14322-69f2a04629b9e\"  class=\"panel-layout\" ><div id=\"pg-gb14322-69f2a04629b9e-0\"  class=\"panel-grid panel-no-style\" ><div id=\"pgc-gb14322-69f2a04629b9e-0-0\"  class=\"panel-grid-cell\" ><div id=\"panel-gb14322-69f2a04629b9e-0-0-0\" class=\"so-panel widget widget_nav_menu panel-first-child panel-last-child\" data-index=\"0\" ><h3 class=\"widget-title\">Index Ville de Pully<\/h3><div class=\"menu-ville-de-pully-container\"><ul id=\"menu-ville-de-pully\" class=\"menu\"><li id=\"menu-item-14325\" class=\"menu-item menu-item-type-post_type menu-item-object-page menu-item-14325\"><a href=\"https:\/\/www.carillons.ch\/blog\/index-ville-de-pully\/\">Index Ville de Pully<\/a><\/li>\n<li id=\"menu-item-14329\" class=\"menu-item menu-item-type-post_type menu-item-object-page menu-item-14329\"><a href=\"https:\/\/www.carillons.ch\/blog\/aacc-carillon-de-chantemerle\/\">Carillon de Chantemerle<\/a><\/li>\n<li id=\"menu-item-14326\" class=\"menu-item menu-item-type-post_type menu-item-object-page menu-item-14326\"><a href=\"https:\/\/www.carillons.ch\/blog\/index-carillon-de-chantemerle-ses-48-cloches\/\">Index Carillon de Chantemerle, ses 48 cloches<\/a><\/li>\n<li id=\"menu-item-14330\" class=\"menu-item menu-item-type-taxonomy menu-item-object-tribe_events_cat menu-item-14330\"><a href=\"https:\/\/www.carillons.ch\/blog\/events\/categorie\/agenda\/association\/carillon-de-chantemerle\/\">Ev\u00e9nements &#8230; Carillon de Chantemerle<\/a><\/li>\n<li id=\"menu-item-14327\" class=\"menu-item menu-item-type-post_type menu-item-object-page menu-item-14327\"><a href=\"https:\/\/www.carillons.ch\/blog\/index-lassociation-pour-les-interets-et-le-developpement-de-pully-nord\/\">Index L\u2019Association pour les int\u00e9r\u00eats et le d\u00e9veloppement de Pully-Nord<\/a><\/li>\n<li id=\"menu-item-14328\" class=\"menu-item menu-item-type-post_type menu-item-object-page menu-item-14328\"><a href=\"https:\/\/www.carillons.ch\/blog\/index-passeport-vacances-de-la-region-lausannoise\/\">Index Passeport-Vacances de la r\u00e9gion Lausannoise<\/a><\/li>\n<\/ul><\/div><\/div><\/div><\/div><\/div>\n\n\n<p>Nouvelles de la Ville de Pully : <\/p>\n\n\n\n<div class=\"powr-social-feed\" id=\"3a0764c6_1581927932\"><\/div><script src=\"https:\/\/www.powr.io\/powr.js?platform=wordpress\"><\/script>\n","protected":false},"excerpt":{"rendered":"<p>Le Carillon de Chantemerle est sur le territoire de la Ville de Pully, il est propri\u00e9t\u00e9 de la Ville de Pully et l\u2019Association des Amis du Carillon de Chantemerle est une institution soutenue pas la Ville.<\/p>\n","protected":false},"author":1,"featured_media":0,"parent":0,"menu_order":0,"comment_status":"closed","ping_status":"closed","template":"","meta":{"sfsi_plus_gutenberg_text_before_share":"","sfsi_plus_gutenberg_show_text_before_share":"","sfsi_plus_gutenberg_icon_type":"","sfsi_plus_gutenberg_icon_alignemt":"","sfsi_plus_gutenburg_max_per_row":"","_EventAllDay":false,"_EventTimezone":"","_EventStartDate":"","_EventEndDate":"","_EventStartDateUTC":"","_EventEndDateUTC":"","_EventShowMap":false,"_EventShowMapLink":false,"_EventURL":"","_EventCost":"","_EventCostDescription":"","_EventCurrencySymbol":"","_EventCurrencyCode":"","_EventCurrencyPosition":"","_EventDateTimeSeparator":"","_EventTimeRangeSeparator":"","_EventOrganizerID":[],"_EventVenueID":[],"_OrganizerEmail":"","_OrganizerPhone":"","_OrganizerWebsite":"","_VenueAddress":"","_VenueCity":"","_VenueCountry":"","_VenueProvince":"","_VenueState":"","_VenueZip":"","_VenuePhone":"","_VenueURL":"","_VenueStateProvince":"","_VenueLat":"","_VenueLng":"","_VenueShowMap":false,"_VenueShowMapLink":false,"footnotes":""},"class_list":["post-14322","page","type-page","status-publish","hentry"],"_links":{"self":[{"href":"https:\/\/www.carillons.ch\/blog\/wp-json\/wp\/v2\/pages\/14322","targetHints":{"allow":["GET"]}}],"collection":[{"href":"https:\/\/www.carillons.ch\/blog\/wp-json\/wp\/v2\/pages"}],"about":[{"href":"https:\/\/www.carillons.ch\/blog\/wp-json\/wp\/v2\/types\/page"}],"author":[{"embeddable":true,"href":"https:\/\/www.carillons.ch\/blog\/wp-json\/wp\/v2\/users\/1"}],"replies":[{"embeddable":true,"href":"https:\/\/www.carillons.ch\/blog\/wp-json\/wp\/v2\/comments?post=14322"}],"version-history":[{"count":4,"href":"https:\/\/www.carillons.ch\/blog\/wp-json\/wp\/v2\/pages\/14322\/revisions"}],"predecessor-version":[{"id":14332,"href":"https:\/\/www.carillons.ch\/blog\/wp-json\/wp\/v2\/pages\/14322\/revisions\/14332"}],"wp:attachment":[{"href":"https:\/\/www.carillons.ch\/blog\/wp-json\/wp\/v2\/media?parent=14322"}],"curies":[{"name":"wp","href":"https:\/\/api.w.org\/{rel}","templated":true}]}}

<p>Le Carillon de Chantemerle est sur le territoire de la Ville de Pully, il est propriété de la Ville de Pully et l’Association des Amis du Carillon de Chantemerle est une institution soutenue pas la Ville.</p>



<p>Le Carillon de Chantemerle collabore avec quelques institutions de Pully.</p>


<div id="pl-gb14322-69f2a04629b9e"  class="panel-layout" ><div id="pg-gb14322-69f2a04629b9e-0"  class="panel-grid panel-no-style" ><div id="pgc-gb14322-69f2a04629b9e-0-0"  class="panel-grid-cell" ><div id="panel-gb14322-69f2a04629b9e-0-0-0" class="so-panel widget widget_nav_menu panel-first-child panel-last-child" data-index="0" ><h3 class="widget-title">Index Ville de Pully</h3><div class="menu-ville-de-pully-container"><ul id="menu-ville-de-pully" class="menu"><li id="menu-item-14325" class="menu-item menu-item-type-post_type menu-item-object-page menu-item-14325"><a href="https://www.carillons.ch/blog/index-ville-de-pully/">Index Ville de Pully</a></li>
<li id="menu-item-14329" class="menu-item menu-item-type-post_type menu-item-object-page menu-item-14329"><a href="https://www.carillons.ch/blog/aacc-carillon-de-chantemerle/">Carillon de Chantemerle</a></li>
<li id="menu-item-14326" class="menu-item menu-item-type-post_type menu-item-object-page menu-item-14326"><a href="https://www.carillons.ch/blog/index-carillon-de-chantemerle-ses-48-cloches/">Index Carillon de Chantemerle, ses 48 cloches</a></li>
<li id="menu-item-14330" class="menu-item menu-item-type-taxonomy menu-item-object-tribe_events_cat menu-item-14330"><a href="https://www.carillons.ch/blog/events/categorie/agenda/association/carillon-de-chantemerle/">Evénements &#8230; Carillon de Chantemerle</a></li>
<li id="menu-item-14327" class="menu-item menu-item-type-post_type menu-item-object-page menu-item-14327"><a href="https://www.carillons.ch/blog/index-lassociation-pour-les-interets-et-le-developpement-de-pully-nord/">Index L’Association pour les intérêts et le développement de Pully-Nord</a></li>
<li id="menu-item-14328" class="menu-item menu-item-type-post_type menu-item-object-page menu-item-14328"><a href="https://www.carillons.ch/blog/index-passeport-vacances-de-la-region-lausannoise/">Index Passeport-Vacances de la région Lausannoise</a></li>
</ul></div></div></div></div></div>


<p>Nouvelles de la Ville de Pully : </p>



<div class="powr-social-feed" id="3a0764c6_1581927932"></div><script src="https://www.powr.io/powr.js?platform=wordpress"></script>

<p>Le Carillon de Chantemerle est sur le territoire de la Ville de Pully, il est propriété de la Ville de Pully et l’Association des Amis du Carillon de Chantemerle est une institution soutenue pas la Ville.</p>
