{"id":35,"date":"2008-05-17T20:54:52","date_gmt":"2008-05-17T18:54:52","guid":{"rendered":"http:\/\/www.langages.ch\/blog\/?page_id=35"},"modified":"2022-09-03T22:21:29","modified_gmt":"2022-09-03T20:21:29","slug":"contact","status":"publish","type":"page","link":"https:\/\/www.carillons.ch\/blog\/contact\/","title":{"rendered":"Contact"},"content":{"rendered":"\n<p>Page de contact:<br>carillons.ch <br>Sites li\u00e9s: irreel.org \u00a0abbayedemontheron.ch carillondechantemerle.ch irreel.ch carillonneur.ch<\/p>\n\n\n\n<p>Site anim\u00e9 et g\u00e9r\u00e9 par Daniel Thomas, <a href=\"https:\/\/www.carillons.ch\/blog\/daniel-thomas-organiste\/\" data-type=\"post\" data-id=\"10605\">organiste<\/a> et <a href=\"https:\/\/www.carillons.ch\/blog\/daniel-thomas-carillonneur\/\" data-type=\"post\" data-id=\"10575\">carillonneur<\/a>, et <a href=\"https:\/\/www.carillons.ch\/blog\/daniel-thomas-visites-guidees\/\" data-type=\"post\" data-id=\"10683\">guide de visites<\/a> et balades histoire, art et musique.<\/p>\n\n\n\n<p>Inscrivez-vous \u00e0 nos lettres de nouvelles :<\/p>\n\n\n\n<p>Lettre de nouvelles de l\u2019Abbaye de Montheron :&nbsp;<a href=\"http:\/\/www.langages.ch\/blog\/lettre-de-nouvelles-abbaye-de-montheron\/\">formulaire<\/a>&nbsp;d\u2019inscription.<\/p>\n\n\n\n<p>Lettre de nouvelles du Carillon de Chantemerle :&nbsp;<a href=\"http:\/\/www.langages.ch\/blog\/lettre-de-nouvelles-du-carillon-de-chantemerle\/\">formulaire<\/a>&nbsp;d\u2019inscription.<\/p>\n\n\n\n<p>Contact par <a href=\"mailto:dt@carillonneur.ch\">courriel<\/a> ou par le formulaire ou par SMS au +41 79 391 46 96 :<\/p>\n\n\n<p>[powr-form-builder id=713bfbe9_1552719096]<\/p>\n","protected":false},"excerpt":{"rendered":"<p>Page de contact:carillons.ch Sites li\u00e9s: irreel.org \u00a0abbayedemontheron.ch carillondechantemerle.ch irreel.ch carillonneur.ch Site anim\u00e9 et g\u00e9r\u00e9 par Daniel Thomas, organiste et carillonneur, et guide de visites et balades histoire, art et musique. Inscrivez-vous \u00e0 nos lettres de nouvelles : Lettre de nouvelles de l\u2019Abbaye de Montheron :&nbsp;formulaire&nbsp;d\u2019inscription. Lettre de nouvelles du Carillon de Chantemerle :&nbsp;formulaire&nbsp;d\u2019inscription. Contact par courriel ou par\u2026 <span class=\"read-more\"><a href=\"https:\/\/www.carillons.ch\/blog\/contact\/\">Lire la suite &raquo;<\/a><\/span><\/p>\n","protected":false},"author":5,"featured_media":0,"parent":0,"menu_order":900,"comment_status":"closed","ping_status":"closed","template":"","meta":{"sfsi_plus_gutenberg_text_before_share":"","sfsi_plus_gutenberg_show_text_before_share":"","sfsi_plus_gutenberg_icon_type":"","sfsi_plus_gutenberg_icon_alignemt":"","sfsi_plus_gutenburg_max_per_row":"","_EventAllDay":false,"_EventTimezone":"","_EventStartDate":"","_EventEndDate":"","_EventStartDateUTC":"","_EventEndDateUTC":"","_EventShowMap":false,"_EventShowMapLink":false,"_EventURL":"","_EventCost":"","_EventCostDescription":"","_EventCurrencySymbol":"","_EventCurrencyCode":"","_EventCurrencyPosition":"","_EventDateTimeSeparator":"","_EventTimeRangeSeparator":"","_EventOrganizerID":[],"_EventVenueID":[],"_OrganizerEmail":"","_OrganizerPhone":"","_OrganizerWebsite":"","_VenueAddress":"","_VenueCity":"","_VenueCountry":"","_VenueProvince":"","_VenueState":"","_VenueZip":"","_VenuePhone":"","_VenueURL":"","_VenueStateProvince":"","_VenueLat":"","_VenueLng":"","_VenueShowMap":false,"_VenueShowMapLink":false,"footnotes":""},"class_list":["post-35","page","type-page","status-publish","hentry"],"_links":{"self":[{"href":"https:\/\/www.carillons.ch\/blog\/wp-json\/wp\/v2\/pages\/35","targetHints":{"allow":["GET"]}}],"collection":[{"href":"https:\/\/www.carillons.ch\/blog\/wp-json\/wp\/v2\/pages"}],"about":[{"href":"https:\/\/www.carillons.ch\/blog\/wp-json\/wp\/v2\/types\/page"}],"author":[{"embeddable":true,"href":"https:\/\/www.carillons.ch\/blog\/wp-json\/wp\/v2\/users\/5"}],"replies":[{"embeddable":true,"href":"https:\/\/www.carillons.ch\/blog\/wp-json\/wp\/v2\/comments?post=35"}],"version-history":[{"count":29,"href":"https:\/\/www.carillons.ch\/blog\/wp-json\/wp\/v2\/pages\/35\/revisions"}],"predecessor-version":[{"id":16318,"href":"https:\/\/www.carillons.ch\/blog\/wp-json\/wp\/v2\/pages\/35\/revisions\/16318"}],"wp:attachment":[{"href":"https:\/\/www.carillons.ch\/blog\/wp-json\/wp\/v2\/media?parent=35"}],"curies":[{"name":"wp","href":"https:\/\/api.w.org\/{rel}","templated":true}]}}