{"id":5288,"date":"2012-10-03T20:10:48","date_gmt":"2012-10-03T19:10:48","guid":{"rendered":"http:\/\/www.langages.ch\/blog\/?page_id=5288"},"modified":"2020-09-17T05:20:56","modified_gmt":"2020-09-17T03:20:56","slug":"daniel-thomas","status":"publish","type":"page","link":"https:\/\/www.carillons.ch\/blog\/contact\/daniel-thomas\/","title":{"rendered":"Daniel Thomas"},"content":{"rendered":"\n<p><br>\nDaniel Thomas, organiste et carillonneur, est l&rsquo;auteur du site langages.ch.<\/p>\n\n\n\n<p>Il est licenci\u00e9 \u00e8s Lettres de l&rsquo;Universit\u00e9 de Lausanne en grec ancien, latin et philosophie et il a obtenu un prix de virtuosit\u00e9 du Conservatoire de Lausanne en orgue. Il a suivi des cours de carillon aux \u00e9coles pour carillonneurs de Amersfoort en Hollande et de Mechelen en Belgique. Il s&rsquo;est perfectionn\u00e9 en composition et improvisation avec le compositeur Lucian Metianu.<\/p>\n\n\n\n<p>Actuellement, il est titulaire des orgues de l&rsquo;<a title=\"a\\ Orgue de tribune Denis Londe (Jura fran\u00e7ais) 2007\" href=\"http:\/\/www.langages.ch\/blog\/orgue-de-tribune-denis-londe-jura-francais-2007\/\">Abbaye de Montheron<\/a>, Lausanne, des orgues de <a href=\"http:\/\/www.langages.ch\/blog\/orgues-de-leglise-saint-etienne-de-bottens\/\">l&rsquo;\u00e9glise St-Etienne de Bottens<\/a> et du <a title=\"Le Carillon de Chantemerle\" href=\"http:\/\/www.langages.ch\/blog\/le-carillon-de-chantemerle-2\/\">carillon de Chantemerle<\/a>, \u00e0 l&rsquo;\u00e9glise de La Rosiaz \u00e0 Pully.<\/p>\n\n\n\n<p>Il est pr\u00e9sident de l&rsquo;<a title=\"Abbaye de Montheron\" href=\"https:\/\/www.carillons.ch\/blog\/index-abbaye-de-montheron\/\">Association des Amis de l&rsquo;Abbaye de Montheron<\/a> et pr\u00e9sident de l&rsquo;<a title=\"Carillon de Chantemerle\" href=\"https:\/\/www.carillons.ch\/blog\/index-carillon-de-chantemerle-concerts\/\">Association des Amis du Carillon de Chantemerle<\/a>.<\/p>\n\n\n\n<p>Il est aussi tr\u00e9sorier de la <a href=\"http:\/\/www.langages.ch\/blog\/gccs-guilde-des-carillonneurs-et-campanologues-suisses\/\">Guilde des Carillonneurs et Campanologues de Suisse<\/a>, oeuvrant pour la promotion de l&rsquo;art campanaire en Suisse.<\/p>\n\n\n\n<p>Il donne divers <a title=\"cours de musique\" href=\"https:\/\/www.carillons.ch\/blog\/cours-de-musique\/\">cours<\/a>, orgue, piano, improvisation, &#8230; .<\/p>\n\n\n\n<p>Voir le profil professionnel complet sur le site professionnel LindedIn : <a href=\"https:\/\/www.linkedin.com\/in\/dthomascarillonneur\/\">https:\/\/www.linkedin.com\/in\/dthomascarillonneur\/<\/a><\/p>\n\n\n\n<p>Articles du site irreel.ch: <a href=\"http:\/\/www.irreel.ch\/blog\/\" target=\"_blank\" rel=\"noopener noreferrer\">http:\/\/www.irreel.ch\/blog\/<\/a><\/p>\n\n\n<div class='powr-rss-feed' id='d6c897cd_1484931782743'><\/div>\n\n\n\n<p>Articles la Page Facebook: <a href=\"https:\/\/www.facebook.com\/Daniel.Thomas.carillonneur\/\" target=\"_blank\" rel=\"noopener noreferrer\">https:\/\/www.facebook.com\/Daniel.Thomas.carillonneur\/<\/a><br>\n<\/p>\n\n\n<p>[powr-facebook-feed id=283244a9_1484716047037]<\/p>\n\n\n\n<p>Suivez-nous sur Twitter:<\/p>\n\n\n\n<p><a class=\"twitter-timeline\" href=\"https:\/\/twitter.com\/polymusicien\" data-widget-id=\"465206268483760128\">Tweets de @polymusicien<\/a><br>\n<script>!function(d,s,id){var js,fjs=d.getElementsByTagName(s)[0],p=\/^http:\/.test(d.location)?'http':'https';if(!d.getElementById(id)){js=d.createElement(s);js.id=id;js.src=p+\":\/\/platform.twitter.com\/widgets.js\";fjs.parentNode.insertBefore(js,fjs);}}(document,\"script\",\"twitter-wjs\");<\/script><\/p>\n","protected":false},"excerpt":{"rendered":"<p>Daniel Thomas, organiste et carillonneur, est l&rsquo;auteur du site langages.ch. Il est licenci\u00e9 \u00e8s Lettres de l&rsquo;Universit\u00e9 de Lausanne en grec ancien, latin et philosophie et il a obtenu un prix de virtuosit\u00e9 du Conservatoire de Lausanne en orgue. Il a suivi des cours de carillon aux \u00e9coles pour carillonneurs de Amersfoort en Hollande et de Mechelen en\u2026 <span class=\"read-more\"><a href=\"https:\/\/www.carillons.ch\/blog\/contact\/daniel-thomas\/\">Lire la suite &raquo;<\/a><\/span><\/p>\n","protected":false},"author":1,"featured_media":11963,"parent":35,"menu_order":1860,"comment_status":"closed","ping_status":"closed","template":"","meta":{"sfsi_plus_gutenberg_text_before_share":"","sfsi_plus_gutenberg_show_text_before_share":"","sfsi_plus_gutenberg_icon_type":"","sfsi_plus_gutenberg_icon_alignemt":"","sfsi_plus_gutenburg_max_per_row":"","_EventAllDay":false,"_EventTimezone":"","_EventStartDate":"","_EventEndDate":"","_EventStartDateUTC":"","_EventEndDateUTC":"","_EventShowMap":false,"_EventShowMapLink":false,"_EventURL":"","_EventCost":"","_EventCostDescription":"","_EventCurrencySymbol":"","_EventCurrencyCode":"","_EventCurrencyPosition":"","_EventDateTimeSeparator":"","_EventTimeRangeSeparator":"","_EventOrganizerID":[],"_EventVenueID":[],"_OrganizerEmail":"","_OrganizerPhone":"","_OrganizerWebsite":"","_VenueAddress":"","_VenueCity":"","_VenueCountry":"","_VenueProvince":"","_VenueState":"","_VenueZip":"","_VenuePhone":"","_VenueURL":"","_VenueStateProvince":"","_VenueLat":"","_VenueLng":"","_VenueShowMap":false,"_VenueShowMapLink":false,"footnotes":""},"class_list":["post-5288","page","type-page","status-publish","has-post-thumbnail","hentry"],"_links":{"self":[{"href":"https:\/\/www.carillons.ch\/blog\/wp-json\/wp\/v2\/pages\/5288","targetHints":{"allow":["GET"]}}],"collection":[{"href":"https:\/\/www.carillons.ch\/blog\/wp-json\/wp\/v2\/pages"}],"about":[{"href":"https:\/\/www.carillons.ch\/blog\/wp-json\/wp\/v2\/types\/page"}],"author":[{"embeddable":true,"href":"https:\/\/www.carillons.ch\/blog\/wp-json\/wp\/v2\/users\/1"}],"replies":[{"embeddable":true,"href":"https:\/\/www.carillons.ch\/blog\/wp-json\/wp\/v2\/comments?post=5288"}],"version-history":[{"count":29,"href":"https:\/\/www.carillons.ch\/blog\/wp-json\/wp\/v2\/pages\/5288\/revisions"}],"predecessor-version":[{"id":15024,"href":"https:\/\/www.carillons.ch\/blog\/wp-json\/wp\/v2\/pages\/5288\/revisions\/15024"}],"up":[{"embeddable":true,"href":"https:\/\/www.carillons.ch\/blog\/wp-json\/wp\/v2\/pages\/35"}],"wp:featuredmedia":[{"embeddable":true,"href":"https:\/\/www.carillons.ch\/blog\/wp-json\/wp\/v2\/media\/11963"}],"wp:attachment":[{"href":"https:\/\/www.carillons.ch\/blog\/wp-json\/wp\/v2\/media?parent=5288"}],"curies":[{"name":"wp","href":"https:\/\/api.w.org\/{rel}","templated":true}]}}

<p><br>
Daniel Thomas, organiste et carillonneur, est l&rsquo;auteur du site langages.ch.</p>



<p>Il est licencié ès Lettres de l&rsquo;Université de Lausanne en grec ancien, latin et philosophie et il a obtenu un prix de virtuosité du Conservatoire de Lausanne en orgue. Il a suivi des cours de carillon aux écoles pour carillonneurs de Amersfoort en Hollande et de Mechelen en Belgique. Il s&rsquo;est perfectionné en composition et improvisation avec le compositeur Lucian Metianu.</p>



<p>Actuellement, il est titulaire des orgues de l&rsquo;<a title="a\ Orgue de tribune Denis Londe (Jura français) 2007" href="http://www.langages.ch/blog/orgue-de-tribune-denis-londe-jura-francais-2007/">Abbaye de Montheron</a>, Lausanne, des orgues de <a href="http://www.langages.ch/blog/orgues-de-leglise-saint-etienne-de-bottens/">l&rsquo;église St-Etienne de Bottens</a> et du <a title="Le Carillon de Chantemerle" href="http://www.langages.ch/blog/le-carillon-de-chantemerle-2/">carillon de Chantemerle</a>, à l&rsquo;église de La Rosiaz à Pully.</p>



<p>Il est président de l&rsquo;<a title="Abbaye de Montheron" href="https://www.carillons.ch/blog/index-abbaye-de-montheron/">Association des Amis de l&rsquo;Abbaye de Montheron</a> et président de l&rsquo;<a title="Carillon de Chantemerle" href="https://www.carillons.ch/blog/index-carillon-de-chantemerle-concerts/">Association des Amis du Carillon de Chantemerle</a>.</p>



<p>Il est aussi trésorier de la <a href="http://www.langages.ch/blog/gccs-guilde-des-carillonneurs-et-campanologues-suisses/">Guilde des Carillonneurs et Campanologues de Suisse</a>, oeuvrant pour la promotion de l&rsquo;art campanaire en Suisse.</p>



<p>Il donne divers <a title="cours de musique" href="https://www.carillons.ch/blog/cours-de-musique/">cours</a>, orgue, piano, improvisation, &#8230; .</p>



<p>Voir le profil professionnel complet sur le site professionnel LindedIn : <a href="https://www.linkedin.com/in/dthomascarillonneur/">https://www.linkedin.com/in/dthomascarillonneur/</a></p>



<p>Articles du site irreel.ch: <a href="http://www.irreel.ch/blog/" target="_blank" rel="noopener noreferrer">http://www.irreel.ch/blog/</a></p>


<div class='powr-rss-feed' id='d6c897cd_1484931782743'></div>



<p>Articles la Page Facebook: <a href="https://www.facebook.com/Daniel.Thomas.carillonneur/" target="_blank" rel="noopener noreferrer">https://www.facebook.com/Daniel.Thomas.carillonneur/</a><br>
</p>


<p>[powr-facebook-feed id=283244a9_1484716047037]</p>



<p>Suivez-nous sur Twitter:</p>



<p><a class="twitter-timeline" href="https://twitter.com/polymusicien" data-widget-id="465206268483760128">Tweets de @polymusicien</a><br>
<script>!function(d,s,id){var js,fjs=d.getElementsByTagName(s)[0],p=/^http:/.test(d.location)?'http':'https';if(!d.getElementById(id)){js=d.createElement(s);js.id=id;js.src=p+"://platform.twitter.com/widgets.js";fjs.parentNode.insertBefore(js,fjs);}}(document,"script","twitter-wjs");</script></p>

<p>Daniel Thomas, organiste et carillonneur, est l&rsquo;auteur du site langages.ch. Il est licencié ès Lettres de l&rsquo;Université de Lausanne en grec ancien, latin et philosophie et il a obtenu un prix de virtuosité du Conservatoire de Lausanne en orgue. Il a suivi des cours de carillon aux écoles pour carillonneurs de Amersfoort en Hollande et de Mechelen en… <span class="read-more"><a href="https://www.carillons.ch/blog/contact/daniel-thomas/">Lire la suite &raquo;</a></span></p>
