{"id":18229,"date":"2025-12-10T09:06:53","date_gmt":"2025-12-10T08:06:53","guid":{"rendered":"https:\/\/www.carillons.ch\/blog\/?post_type=tribe_events&#038;p=18229"},"modified":"2025-12-10T09:06:54","modified_gmt":"2025-12-10T08:06:54","slug":"concert-de-noel-au-temple-de-grandson","status":"publish","type":"tribe_events","link":"https:\/\/www.carillons.ch\/blog\/event\/concert-de-noel-au-temple-de-grandson\/","title":{"rendered":"Concert de No\u00ebl au temple de Grandson"},"content":{"rendered":"<div  class=\"tribe-events-schedule tribe-clearfix\" >\n\t<p class=\"tribe-events-schedule__datetime\">\n\t\t<span class=\"tribe-events-schedule__date tribe-events-schedule__date--start\">\n\t\t\t14 d\u00e9cembre 2025\t\t<\/span>\n\n\t\t\t\t\t<span class=\"tribe-events-schedule__separator tribe-events-schedule__separator--date\">\n\t\t\t\t @ \t\t\t<\/span>\n\t\t\t<span class=\"tribe-events-schedule__time tribe-events-schedule__time--start\">\n\t\t\t\t17:00\t\t\t<\/span>\n\t\t\n\t\t\t\t\t\t\t\t\t<span class=\"tribe-events-schedule__separator tribe-events-schedule__separator--time\">\n\t\t\t\t\t &#8211; \t\t\t\t<\/span>\n\t\t\t\n\t\t\t\t\t\t\t<span class=\"tribe-events-schedule__time tribe-events-schedule__time--end\">\n\t\t\t\t\t18:00\t\t\t\t<\/span>\n\t\t\t\n\t\t\t\t\t\t<\/p>\n<\/div>\n\n\n\n<p>La Croche Ch\u0153ur<\/p>\n\n\n\n<figure class=\"wp-block-image size-large\"><img loading=\"lazy\" decoding=\"async\" width=\"724\" height=\"1024\" src=\"https:\/\/www.carillons.ch\/blog\/wp-content\/uploads\/affiche-concert-couleurs-Noel-2025-copie-724x1024.jpg\" alt=\"\" class=\"wp-image-18230\" srcset=\"https:\/\/www.carillons.ch\/blog\/wp-content\/uploads\/affiche-concert-couleurs-Noel-2025-copie-724x1024.jpg 724w, https:\/\/www.carillons.ch\/blog\/wp-content\/uploads\/affiche-concert-couleurs-Noel-2025-copie-212x300.jpg 212w, https:\/\/www.carillons.ch\/blog\/wp-content\/uploads\/affiche-concert-couleurs-Noel-2025-copie-106x150.jpg 106w, https:\/\/www.carillons.ch\/blog\/wp-content\/uploads\/affiche-concert-couleurs-Noel-2025-copie-768x1086.jpg 768w, https:\/\/www.carillons.ch\/blog\/wp-content\/uploads\/affiche-concert-couleurs-Noel-2025-copie-665x941.jpg 665w, https:\/\/www.carillons.ch\/blog\/wp-content\/uploads\/affiche-concert-couleurs-Noel-2025-copie.jpg 980w\" sizes=\"auto, (max-width: 724px) 100vw, 724px\" \/><\/figure>\n\n\n\n<p>ch\u0153ur mixte de Grandson<\/p>\n\n\n\n<p>direction St\u00e9phanie Amacker<\/p>\n\n\n\n<p>CONCERT DE NO\u00cbL<\/p>\n\n\n\n<p>Dimanche 14 d\u00e9cembre 2025 <strong>\u00e0 17 h<\/strong><\/p>\n\n\n\n<p>au Temple de Grandson<\/p>\n\n\n\n<p><strong>ORGUE Daniel Thomas<\/strong><\/p>\n\n\n\n<p><strong>FL\u00dbTE DE PAN Christian Hochstaettler<\/strong><\/p>\n\n\n\n<p>COLLECTE \u2022 VIN CHAUD<\/p>\n\n\n\n<p>avec le soutien de la Municipalit\u00e9<\/p>\n\n\n<div  class=\"tribe-block tribe-block__event-price\" >\n\t\t<\/div>\n\n\n\n\n<div  class=\"tribe-block tribe-block__venue tribe-clearfix\" >\n\t\n\t\t\n\t<\/div>\n\n\n\n\n\t<div  class=\"tribe-block tribe-block__events-link\" >\n\t\t<div class=\"tribe-events tribe-common\">\n\t\t\t<div class=\"tribe-events-c-subscribe-dropdown__container\">\n\t\t\t\t<div class=\"tribe-events-c-subscribe-dropdown\">\n\t\t\t\t\t<div class=\"tribe-common-c-btn-border tribe-events-c-subscribe-dropdown__button\">\n\t\t\t\t\t\t<svg\n\t class=\"tribe-common-c-svgicon tribe-common-c-svgicon--cal-export tribe-events-c-subscribe-dropdown__export-icon\" \taria-hidden=\"true\"\n\tviewBox=\"0 0 23 17\"\n\txmlns=\"http:\/\/www.w3.org\/2000\/svg\"\n>\n\t<path fill-rule=\"evenodd\" clip-rule=\"evenodd\" d=\"M.128.896V16.13c0 .211.145.383.323.383h15.354c.179 0 .323-.172.323-.383V.896c0-.212-.144-.383-.323-.383H.451C.273.513.128.684.128.896Zm16 6.742h-.901V4.679H1.009v10.729h14.218v-3.336h.901V7.638ZM1.01 1.614h14.218v2.058H1.009V1.614Z\" \/>\n\t<path d=\"M20.5 9.846H8.312M18.524 6.953l2.89 2.909-2.855 2.855\" stroke-width=\"1.2\" stroke-linecap=\"round\" stroke-linejoin=\"round\"\/>\n<\/svg>\n\t\t\t\t\t\t<button\n\t\t\t\t\t\t\tclass=\"tribe-events-c-subscribe-dropdown__button-text\"\n\t\t\t\t\t\t\taria-expanded=\"false\"\n\t\t\t\t\t\t\taria-controls=\"tribe-events-subscribe-dropdown-content\"\n\t\t\t\t\t\t\taria-label=\"Afficher les liens permettant d\u2019ajouter des \u00e9v\u00e8nements \u00e0 votre calendrier\"\n\t\t\t\t\t\t>\n\t\t\t\t\t\t\tAjouter au calendrier\t\t\t\t\t\t<\/button>\n\t\t\t\t\t\t<svg\n\t class=\"tribe-common-c-svgicon tribe-common-c-svgicon--caret-down tribe-events-c-subscribe-dropdown__button-icon\" \taria-hidden=\"true\"\n\tviewBox=\"0 0 10 7\"\n\txmlns=\"http:\/\/www.w3.org\/2000\/svg\"\n>\n\t<path fill-rule=\"evenodd\" clip-rule=\"evenodd\" d=\"M1.008.609L5 4.6 8.992.61l.958.958L5 6.517.05 1.566l.958-.958z\" class=\"tribe-common-c-svgicon__svg-fill\"\/>\n<\/svg>\n\t\t\t\t\t<\/div>\n\t\t\t\t\t<div id=\"tribe-events-subscribe-dropdown-content\" class=\"tribe-events-c-subscribe-dropdown__content\">\n\t\t\t\t\t\t<ul class=\"tribe-events-c-subscribe-dropdown__list\">\n\t\t\t\t\t\t\t\t\t\t\t\t\t\t\t<li class=\"tribe-events-c-subscribe-dropdown__list-item tribe-events-c-subscribe-dropdown__list-item--gcal\">\n\t\t\t\t\t\t\t\t\t<a\n\t\t\t\t\t\t\t\t\t\thref=\"https:\/\/www.google.com\/calendar\/event?action=TEMPLATE&#038;dates=20251214T170000\/20251214T180000&#038;text=Concert%20de%20No%C3%ABl%20au%20temple%20de%20Grandson&#038;details=%3Cp%3ELa+Croche+Ch%C5%93ur%3C%2Fp%3E+%3Cfigure+class%3D%22wp-block-image+size-large%22%3E%3Cimg+src%3D%22https%3A%2F%2Fwww.carillons.ch%2Fblog%2Fwp-content%2Fuploads%2Faffiche-concert-couleurs-Noel-2025-copie-724x1024.jpg%22+alt%3D%22%22+class%3D%22wp-image-18230%22%2F%3E%3C%2Ffigure%3E%3Cp%3Ech%C5%93ur+mixte+de+Grandson%3C%2Fp%3E+%3Cp%3Edirection+St%C3%A9phanie+Amacker%3C%2Fp%3E+%3Cp%3ECONCERT+DE+NO%C3%8BL%3C%2Fp%3E+%3Cp%3EDimanche+14+d%C3%A9cembre+2025+%3Cstrong%3E%C3%A0+17+h%3C%2Fstrong%3E%3C%2Fp%3E+%3Cp%3Eau+Temple+de+Grandson%3C%2Fp%3E+%3Cp%3E%3Cstrong%3EORGUE+Daniel+Thomas%3C%2Fstrong%3E%3C%2Fp%3E+%3Cp%3E%3Cstrong%3EFL%C3%9BTE+DE+PAN+Christian+Hochstaettler%3C%2Fstrong%3E%3C%2Fp%3E+%3Cp%3ECOLLECTE+%E2%80%A2+VIN+CHAUD%3C%2Fp%3E+%3Cp%3Eavec+le+soutien+de+la+Municipalit%C3%A9%3C%2Fp%3E+&#038;trp=false&#038;ctz=Europe\/Zurich&#038;sprop=website:https:\/\/www.carillons.ch\/blog\"\n\t\t\t\t\t\t\t\t\t\tclass=\"tribe-events-c-subscribe-dropdown__list-item-link\"\n\t\t\t\t\t\t\t\t\t\ttarget=\"_blank\"\n\t\t\t\t\t\t\t\t\t\trel=\"noopener noreferrer nofollow noindex\"\n\t\t\t\t\t\t\t\t\t>\n\t\t\t\t\t\t\t\t\t\tGoogle Agenda\t\t\t\t\t\t\t\t\t<\/a>\n\t\t\t\t\t\t\t\t<\/li>\n\t\t\t\t\t\t\t\t\t\t\t\t\t\t\t<li class=\"tribe-events-c-subscribe-dropdown__list-item tribe-events-c-subscribe-dropdown__list-item--ical\">\n\t\t\t\t\t\t\t\t\t<a\n\t\t\t\t\t\t\t\t\t\thref=\"\"\n\t\t\t\t\t\t\t\t\t\tclass=\"tribe-events-c-subscribe-dropdown__list-item-link\"\n\t\t\t\t\t\t\t\t\t\ttarget=\"_blank\"\n\t\t\t\t\t\t\t\t\t\trel=\"noopener noreferrer nofollow noindex\"\n\t\t\t\t\t\t\t\t\t>\n\t\t\t\t\t\t\t\t\t\tiCalendar\t\t\t\t\t\t\t\t\t<\/a>\n\t\t\t\t\t\t\t\t<\/li>\n\t\t\t\t\t\t\t\t\t\t\t\t\t\t\t<li class=\"tribe-events-c-subscribe-dropdown__list-item tribe-events-c-subscribe-dropdown__list-item--outlook-365\">\n\t\t\t\t\t\t\t\t\t<a\n\t\t\t\t\t\t\t\t\t\thref=\"\"\n\t\t\t\t\t\t\t\t\t\tclass=\"tribe-events-c-subscribe-dropdown__list-item-link\"\n\t\t\t\t\t\t\t\t\t\ttarget=\"_blank\"\n\t\t\t\t\t\t\t\t\t\trel=\"noopener noreferrer nofollow noindex\"\n\t\t\t\t\t\t\t\t\t>\n\t\t\t\t\t\t\t\t\t\tOutlook 365\t\t\t\t\t\t\t\t\t<\/a>\n\t\t\t\t\t\t\t\t<\/li>\n\t\t\t\t\t\t\t\t\t\t\t\t\t\t\t<li class=\"tribe-events-c-subscribe-dropdown__list-item tribe-events-c-subscribe-dropdown__list-item--outlook-live\">\n\t\t\t\t\t\t\t\t\t<a\n\t\t\t\t\t\t\t\t\t\thref=\"\"\n\t\t\t\t\t\t\t\t\t\tclass=\"tribe-events-c-subscribe-dropdown__list-item-link\"\n\t\t\t\t\t\t\t\t\t\ttarget=\"_blank\"\n\t\t\t\t\t\t\t\t\t\trel=\"noopener noreferrer nofollow noindex\"\n\t\t\t\t\t\t\t\t\t>\n\t\t\t\t\t\t\t\t\t\tOutlook Live\t\t\t\t\t\t\t\t\t<\/a>\n\t\t\t\t\t\t\t\t<\/li>\n\t\t\t\t\t\t\t\t\t\t\t\t\t<\/ul>\n\t\t\t\t\t<\/div>\n\t\t\t\t<\/div>\n\t\t\t<\/div>\n\t\t<\/div>\n\t<\/div>\n\n","protected":false},"excerpt":{"rendered":"<p>La Croche Ch\u0153ur ch\u0153ur mixte de Grandson direction St\u00e9phanie Amacker CONCERT DE NO\u00cbL Dimanche 14 d\u00e9cembre 2025 \u00e0 17 h au Temple de Grandson ORGUE Daniel Thomas FL\u00dbTE DE PAN Christian Hochstaettler COLLECTE \u2022 VIN CHAUD avec le soutien de la Municipalit\u00e9<\/p>\n","protected":false},"author":1,"featured_media":18230,"template":"","meta":{"sfsi_plus_gutenberg_text_before_share":"","sfsi_plus_gutenberg_show_text_before_share":"","sfsi_plus_gutenberg_icon_type":"","sfsi_plus_gutenberg_icon_alignemt":"","sfsi_plus_gutenburg_max_per_row":"","_EventAllDay":false,"_EventTimezone":"Europe\/Zurich","_EventStartDate":"2025-12-14 17:00:00","_EventEndDate":"2025-12-14 18:00:00","_EventStartDateUTC":"2025-12-14 16:00:00","_EventEndDateUTC":"2025-12-14 17:00:00","_EventShowMap":false,"_EventShowMapLink":false,"_EventURL":"","_EventCost":"","_EventCostDescription":"","_EventCurrencySymbol":"CHF","_EventCurrencyCode":"USD","_EventCurrencyPosition":"prefix","_EventDateTimeSeparator":" @ ","_EventTimeRangeSeparator":" - ","_EventOrganizerID":[],"_EventVenueID":[],"_OrganizerEmail":"","_OrganizerPhone":"","_OrganizerWebsite":"","_VenueAddress":"","_VenueCity":"","_VenueCountry":"","_VenueProvince":"","_VenueState":"","_VenueZip":"","_VenuePhone":"","_VenueURL":"","_VenueStateProvince":"","_VenueLat":"","_VenueLng":"","_VenueShowMap":false,"_VenueShowMapLink":false,"_tribe_events_status":"","_tribe_events_status_reason":"","footnotes":""},"tags":[27,494],"tribe_events_cat":[659,644,679,666],"class_list":["post-18229","tribe_events","type-tribe_events","status-publish","has-post-thumbnail","hentry","tag-chant","tag-orgue","tribe_events_cat-choeur","tribe_events_cat-concert","tribe_events_cat-flute","tribe_events_cat-orgue","cat_choeur","cat_concert","cat_flute","cat_orgue"],"_links":{"self":[{"href":"https:\/\/www.carillons.ch\/blog\/wp-json\/wp\/v2\/tribe_events\/18229","targetHints":{"allow":["GET"]}}],"collection":[{"href":"https:\/\/www.carillons.ch\/blog\/wp-json\/wp\/v2\/tribe_events"}],"about":[{"href":"https:\/\/www.carillons.ch\/blog\/wp-json\/wp\/v2\/types\/tribe_events"}],"author":[{"embeddable":true,"href":"https:\/\/www.carillons.ch\/blog\/wp-json\/wp\/v2\/users\/1"}],"version-history":[{"count":1,"href":"https:\/\/www.carillons.ch\/blog\/wp-json\/wp\/v2\/tribe_events\/18229\/revisions"}],"predecessor-version":[{"id":18231,"href":"https:\/\/www.carillons.ch\/blog\/wp-json\/wp\/v2\/tribe_events\/18229\/revisions\/18231"}],"wp:featuredmedia":[{"embeddable":true,"href":"https:\/\/www.carillons.ch\/blog\/wp-json\/wp\/v2\/media\/18230"}],"wp:attachment":[{"href":"https:\/\/www.carillons.ch\/blog\/wp-json\/wp\/v2\/media?parent=18229"}],"wp:term":[{"taxonomy":"post_tag","embeddable":true,"href":"https:\/\/www.carillons.ch\/blog\/wp-json\/wp\/v2\/tags?post=18229"},{"taxonomy":"tribe_events_cat","embeddable":true,"href":"https:\/\/www.carillons.ch\/blog\/wp-json\/wp\/v2\/tribe_events_cat?post=18229"}],"curies":[{"name":"wp","href":"https:\/\/api.w.org\/{rel}","templated":true}]}}

Concert de Noël au temple de Grandson

<div  class="tribe-events-schedule tribe-clearfix" >
	<p class="tribe-events-schedule__datetime">
		<span class="tribe-events-schedule__date tribe-events-schedule__date--start">
			14 décembre 2025		</span>

					<span class="tribe-events-schedule__separator tribe-events-schedule__separator--date">
				 @ 			</span>
			<span class="tribe-events-schedule__time tribe-events-schedule__time--start">
				17:00			</span>
		
									<span class="tribe-events-schedule__separator tribe-events-schedule__separator--time">
					 &#8211; 				</span>
			
							<span class="tribe-events-schedule__time tribe-events-schedule__time--end">
					18:00				</span>
			
						</p>
</div>



<p>La Croche Chœur</p>



<figure class="wp-block-image size-large"><img loading="lazy" decoding="async" width="724" height="1024" src="https://www.carillons.ch/blog/wp-content/uploads/affiche-concert-couleurs-Noel-2025-copie-724x1024.jpg" alt="" class="wp-image-18230" srcset="https://www.carillons.ch/blog/wp-content/uploads/affiche-concert-couleurs-Noel-2025-copie-724x1024.jpg 724w, https://www.carillons.ch/blog/wp-content/uploads/affiche-concert-couleurs-Noel-2025-copie-212x300.jpg 212w, https://www.carillons.ch/blog/wp-content/uploads/affiche-concert-couleurs-Noel-2025-copie-106x150.jpg 106w, https://www.carillons.ch/blog/wp-content/uploads/affiche-concert-couleurs-Noel-2025-copie-768x1086.jpg 768w, https://www.carillons.ch/blog/wp-content/uploads/affiche-concert-couleurs-Noel-2025-copie-665x941.jpg 665w, https://www.carillons.ch/blog/wp-content/uploads/affiche-concert-couleurs-Noel-2025-copie.jpg 980w" sizes="auto, (max-width: 724px) 100vw, 724px" /></figure>



<p>chœur mixte de Grandson</p>



<p>direction Stéphanie Amacker</p>



<p>CONCERT DE NOËL</p>



<p>Dimanche 14 décembre 2025 <strong>à 17 h</strong></p>



<p>au Temple de Grandson</p>



<p><strong>ORGUE Daniel Thomas</strong></p>



<p><strong>FLÛTE DE PAN Christian Hochstaettler</strong></p>



<p>COLLECTE • VIN CHAUD</p>



<p>avec le soutien de la Municipalité</p>


<div  class="tribe-block tribe-block__event-price" >
		</div>




<div  class="tribe-block tribe-block__venue tribe-clearfix" >
	
		
	</div>




	<div  class="tribe-block tribe-block__events-link" >
		<div class="tribe-events tribe-common">
			<div class="tribe-events-c-subscribe-dropdown__container">
				<div class="tribe-events-c-subscribe-dropdown">
					<div class="tribe-common-c-btn-border tribe-events-c-subscribe-dropdown__button">
						<svg
	 class="tribe-common-c-svgicon tribe-common-c-svgicon--cal-export tribe-events-c-subscribe-dropdown__export-icon" 	aria-hidden="true"
	viewBox="0 0 23 17"
	xmlns="http://www.w3.org/2000/svg"
>
	<path fill-rule="evenodd" clip-rule="evenodd" d="M.128.896V16.13c0 .211.145.383.323.383h15.354c.179 0 .323-.172.323-.383V.896c0-.212-.144-.383-.323-.383H.451C.273.513.128.684.128.896Zm16 6.742h-.901V4.679H1.009v10.729h14.218v-3.336h.901V7.638ZM1.01 1.614h14.218v2.058H1.009V1.614Z" />
	<path d="M20.5 9.846H8.312M18.524 6.953l2.89 2.909-2.855 2.855" stroke-width="1.2" stroke-linecap="round" stroke-linejoin="round"/>
</svg>
						<button
							class="tribe-events-c-subscribe-dropdown__button-text"
							aria-expanded="false"
							aria-controls="tribe-events-subscribe-dropdown-content"
							aria-label="Afficher les liens permettant d’ajouter des évènements à votre calendrier"
						>
							Ajouter au calendrier						</button>
						<svg
	 class="tribe-common-c-svgicon tribe-common-c-svgicon--caret-down tribe-events-c-subscribe-dropdown__button-icon" 	aria-hidden="true"
	viewBox="0 0 10 7"
	xmlns="http://www.w3.org/2000/svg"
>
	<path fill-rule="evenodd" clip-rule="evenodd" d="M1.008.609L5 4.6 8.992.61l.958.958L5 6.517.05 1.566l.958-.958z" class="tribe-common-c-svgicon__svg-fill"/>
</svg>
					</div>
					<div id="tribe-events-subscribe-dropdown-content" class="tribe-events-c-subscribe-dropdown__content">
						<ul class="tribe-events-c-subscribe-dropdown__list">
															<li class="tribe-events-c-subscribe-dropdown__list-item tribe-events-c-subscribe-dropdown__list-item--gcal">
									<a
										href="https://www.google.com/calendar/event?action=TEMPLATE&#038;dates=20251214T170000/20251214T180000&#038;text=Concert%20de%20No%C3%ABl%20au%20temple%20de%20Grandson&#038;details=%3Cp%3ELa+Croche+Ch%C5%93ur%3C%2Fp%3E+%3Cfigure+class%3D%22wp-block-image+size-large%22%3E%3Cimg+src%3D%22https%3A%2F%2Fwww.carillons.ch%2Fblog%2Fwp-content%2Fuploads%2Faffiche-concert-couleurs-Noel-2025-copie-724x1024.jpg%22+alt%3D%22%22+class%3D%22wp-image-18230%22%2F%3E%3C%2Ffigure%3E%3Cp%3Ech%C5%93ur+mixte+de+Grandson%3C%2Fp%3E+%3Cp%3Edirection+St%C3%A9phanie+Amacker%3C%2Fp%3E+%3Cp%3ECONCERT+DE+NO%C3%8BL%3C%2Fp%3E+%3Cp%3EDimanche+14+d%C3%A9cembre+2025+%3Cstrong%3E%C3%A0+17+h%3C%2Fstrong%3E%3C%2Fp%3E+%3Cp%3Eau+Temple+de+Grandson%3C%2Fp%3E+%3Cp%3E%3Cstrong%3EORGUE+Daniel+Thomas%3C%2Fstrong%3E%3C%2Fp%3E+%3Cp%3E%3Cstrong%3EFL%C3%9BTE+DE+PAN+Christian+Hochstaettler%3C%2Fstrong%3E%3C%2Fp%3E+%3Cp%3ECOLLECTE+%E2%80%A2+VIN+CHAUD%3C%2Fp%3E+%3Cp%3Eavec+le+soutien+de+la+Municipalit%C3%A9%3C%2Fp%3E+&#038;trp=false&#038;ctz=Europe/Zurich&#038;sprop=website:https://www.carillons.ch/blog"
										class="tribe-events-c-subscribe-dropdown__list-item-link"
										target="_blank"
										rel="noopener noreferrer nofollow noindex"
									>
										Google Agenda									</a>
								</li>
															<li class="tribe-events-c-subscribe-dropdown__list-item tribe-events-c-subscribe-dropdown__list-item--ical">
									<a
										href=""
										class="tribe-events-c-subscribe-dropdown__list-item-link"
										target="_blank"
										rel="noopener noreferrer nofollow noindex"
									>
										iCalendar									</a>
								</li>
															<li class="tribe-events-c-subscribe-dropdown__list-item tribe-events-c-subscribe-dropdown__list-item--outlook-365">
									<a
										href=""
										class="tribe-events-c-subscribe-dropdown__list-item-link"
										target="_blank"
										rel="noopener noreferrer nofollow noindex"
									>
										Outlook 365									</a>
								</li>
															<li class="tribe-events-c-subscribe-dropdown__list-item tribe-events-c-subscribe-dropdown__list-item--outlook-live">
									<a
										href=""
										class="tribe-events-c-subscribe-dropdown__list-item-link"
										target="_blank"
										rel="noopener noreferrer nofollow noindex"
									>
										Outlook Live									</a>
								</li>
													</ul>
					</div>
				</div>
			</div>
		</div>
	</div>

<p>La Croche Chœur chœur mixte de Grandson direction Stéphanie Amacker CONCERT DE NOËL Dimanche 14 décembre 2025 à 17 h au Temple de Grandson ORGUE Daniel Thomas FLÛTE DE PAN Christian Hochstaettler COLLECTE • VIN CHAUD avec le soutien de la Municipalité</p>
